{"id":63136,"date":"2026-09-04T06:55:30","date_gmt":"2026-09-04T04:55:30","guid":{"rendered":"https:\/\/www.hautesvallees.com\/lizoard\/pois\/journees-europeenne-du-patrimoine-conference-a-deux-voix-sur-les-traces-des-mineurs-puy-saint-andre\/"},"modified":"2026-09-04T06:55:30","modified_gmt":"2026-09-04T04:55:30","slug":"journees-europeenne-du-patrimoine-conference-a-deux-voix-sur-les-traces-des-mineurs-puy-saint-andre","status":"publish","type":"pois","link":"https:\/\/www.hautesvallees.com\/lizoard\/fete-et-manifestation\/journees-europeenne-du-patrimoine-conference-a-deux-voix-sur-les-traces-des-mineurs-puy-saint-andre\/","title":{"rendered":"Journ\u00e9es europ\u00e9enne du patrimoine &#8211; Conf\u00e9rence \u00e0 deux voix sur les traces des Mineurs"},"template":"","typeobjet":[8],"class_list":["post-63136","pois","type-pois","status-publish","hentry","typeobjet-fete-et-manifestation"],"acf":[],"_links":{"self":[{"href":"https:\/\/www.hautesvallees.com\/lizoard\/wp-json\/wp\/v2\/pois\/63136","targetHints":{"allow":["GET"]}}],"collection":[{"href":"https:\/\/www.hautesvallees.com\/lizoard\/wp-json\/wp\/v2\/pois"}],"about":[{"href":"https:\/\/www.hautesvallees.com\/lizoard\/wp-json\/wp\/v2\/types\/pois"}],"wp:attachment":[{"href":"https:\/\/www.hautesvallees.com\/lizoard\/wp-json\/wp\/v2\/media?parent=63136"}],"wp:term":[{"taxonomy":"typeobjet","embeddable":true,"href":"https:\/\/www.hautesvallees.com\/lizoard\/wp-json\/wp\/v2\/typeobjet?post=63136"}],"curies":[{"name":"wp","href":"https:\/\/api.w.org\/{rel}","templated":true}]}}

Journées européenne du patrimoine &#8211; Conférence à deux voix sur les traces des Mineurs
