{"id":62931,"date":"2026-09-03T09:40:43","date_gmt":"2026-09-03T07:40:43","guid":{"rendered":"https:\/\/www.hautesvallees.com\/lizoard\/pois\/journees-europeenes-du-patrimoine-visite-des-mines-paysannes-de-puy-saint-andre-puy-saint-andre\/"},"modified":"2026-09-04T03:10:32","modified_gmt":"2026-09-04T01:10:32","slug":"journees-europeenes-du-patrimoine-visite-des-mines-paysannes-de-puy-saint-andre-puy-saint-andre","status":"publish","type":"pois","link":"https:\/\/www.hautesvallees.com\/lizoard\/fete-et-manifestation\/journees-europeenes-du-patrimoine-visite-des-mines-paysannes-de-puy-saint-andre-puy-saint-andre\/","title":{"rendered":"Journ\u00e9es Europ\u00e9enes du Patrimoine &#8211; Visite des mines paysannes de Puy Saint Andr\u00e9"},"template":"","typeobjet":[8],"class_list":["post-62931","pois","type-pois","status-publish","hentry","typeobjet-fete-et-manifestation"],"acf":[],"_links":{"self":[{"href":"https:\/\/www.hautesvallees.com\/lizoard\/wp-json\/wp\/v2\/pois\/62931","targetHints":{"allow":["GET"]}}],"collection":[{"href":"https:\/\/www.hautesvallees.com\/lizoard\/wp-json\/wp\/v2\/pois"}],"about":[{"href":"https:\/\/www.hautesvallees.com\/lizoard\/wp-json\/wp\/v2\/types\/pois"}],"wp:attachment":[{"href":"https:\/\/www.hautesvallees.com\/lizoard\/wp-json\/wp\/v2\/media?parent=62931"}],"wp:term":[{"taxonomy":"typeobjet","embeddable":true,"href":"https:\/\/www.hautesvallees.com\/lizoard\/wp-json\/wp\/v2\/typeobjet?post=62931"}],"curies":[{"name":"wp","href":"https:\/\/api.w.org\/{rel}","templated":true}]}}

Journées Européenes du Patrimoine &#8211; Visite des mines paysannes de Puy Saint André
