{"id":63400,"date":"2026-08-26T07:17:16","date_gmt":"2026-08-26T05:17:16","guid":{"rendered":"https:\/\/www.hautesvallees.com\/la-grave\/pois\/journees-europeennes-du-patrimoine-visite-commente-de-leglise-saint-martin-villar-darene\/"},"modified":"2026-08-27T03:10:12","modified_gmt":"2026-08-27T01:10:12","slug":"journees-europeennes-du-patrimoine-visite-commente-de-leglise-saint-martin-villar-darene","status":"publish","type":"pois","link":"https:\/\/www.hautesvallees.com\/la-grave\/fete-et-manifestation\/journees-europeennes-du-patrimoine-visite-commente-de-leglise-saint-martin-villar-darene\/","title":{"rendered":"Journ\u00e9es Europ\u00e9ennes du Patrimoine : Visite comment\u00e9 de l&rsquo;\u00e9glise Saint-Martin"},"template":"","typeobjet":[3],"class_list":["post-63400","pois","type-pois","status-publish","hentry","typeobjet-fete-et-manifestation"],"acf":[],"_links":{"self":[{"href":"https:\/\/www.hautesvallees.com\/la-grave\/wp-json\/wp\/v2\/pois\/63400","targetHints":{"allow":["GET"]}}],"collection":[{"href":"https:\/\/www.hautesvallees.com\/la-grave\/wp-json\/wp\/v2\/pois"}],"about":[{"href":"https:\/\/www.hautesvallees.com\/la-grave\/wp-json\/wp\/v2\/types\/pois"}],"wp:attachment":[{"href":"https:\/\/www.hautesvallees.com\/la-grave\/wp-json\/wp\/v2\/media?parent=63400"}],"wp:term":[{"taxonomy":"typeobjet","embeddable":true,"href":"https:\/\/www.hautesvallees.com\/la-grave\/wp-json\/wp\/v2\/typeobjet?post=63400"}],"curies":[{"name":"wp","href":"https:\/\/api.w.org\/{rel}","templated":true}]}}

Journées Européennes du Patrimoine : Visite commenté de l&rsquo;église Saint-Martin
