{"id":48701,"date":"2026-04-28T12:03:25","date_gmt":"2026-04-28T10:03:25","guid":{"rendered":"https:\/\/www.hautesvallees.com\/la-grave\/pois\/du-col-du-lautaret-a-la-haute-vallee-de-la-claree-villar-darene\/"},"modified":"2026-04-29T03:10:13","modified_gmt":"2026-04-29T01:10:13","slug":"du-col-du-lautaret-a-la-haute-vallee-de-la-claree-villar-darene","status":"publish","type":"pois","link":"https:\/\/www.hautesvallees.com\/la-grave\/equipement\/du-col-du-lautaret-a-la-haute-vallee-de-la-claree-villar-darene\/","title":{"rendered":"Du Col du Lautaret \u00e0 la haute vall\u00e9e de la Clar\u00e9e"},"template":"","typeobjet":[4],"class_list":["post-48701","pois","type-pois","status-publish","hentry","typeobjet-equipement"],"acf":[],"_links":{"self":[{"href":"https:\/\/www.hautesvallees.com\/la-grave\/wp-json\/wp\/v2\/pois\/48701","targetHints":{"allow":["GET"]}}],"collection":[{"href":"https:\/\/www.hautesvallees.com\/la-grave\/wp-json\/wp\/v2\/pois"}],"about":[{"href":"https:\/\/www.hautesvallees.com\/la-grave\/wp-json\/wp\/v2\/types\/pois"}],"wp:attachment":[{"href":"https:\/\/www.hautesvallees.com\/la-grave\/wp-json\/wp\/v2\/media?parent=48701"}],"wp:term":[{"taxonomy":"typeobjet","embeddable":true,"href":"https:\/\/www.hautesvallees.com\/la-grave\/wp-json\/wp\/v2\/typeobjet?post=48701"}],"curies":[{"name":"wp","href":"https:\/\/api.w.org\/{rel}","templated":true}]}}

Du Col du Lautaret à la haute vallée de la Clarée
