{"id":47090,"date":"2026-04-14T15:18:52","date_gmt":"2026-04-14T13:18:52","guid":{"rendered":"https:\/\/www.hautesvallees.com\/la-grave\/pois\/bibliotheque-mediatheque-de-villar-darene-villar-darene\/"},"modified":"2026-04-15T03:10:13","modified_gmt":"2026-04-15T01:10:13","slug":"bibliotheque-mediatheque-de-villar-darene-villar-darene","status":"publish","type":"pois","link":"https:\/\/www.hautesvallees.com\/la-grave\/equipement\/bibliotheque-mediatheque-de-villar-darene-villar-darene\/","title":{"rendered":"Biblioth\u00e8que &amp; M\u00e9diath\u00e8que de Villar d&rsquo;Ar\u00e8ne"},"template":"","typeobjet":[4],"class_list":["post-47090","pois","type-pois","status-publish","hentry","typeobjet-equipement"],"acf":[],"_links":{"self":[{"href":"https:\/\/www.hautesvallees.com\/la-grave\/wp-json\/wp\/v2\/pois\/47090","targetHints":{"allow":["GET"]}}],"collection":[{"href":"https:\/\/www.hautesvallees.com\/la-grave\/wp-json\/wp\/v2\/pois"}],"about":[{"href":"https:\/\/www.hautesvallees.com\/la-grave\/wp-json\/wp\/v2\/types\/pois"}],"wp:attachment":[{"href":"https:\/\/www.hautesvallees.com\/la-grave\/wp-json\/wp\/v2\/media?parent=47090"}],"wp:term":[{"taxonomy":"typeobjet","embeddable":true,"href":"https:\/\/www.hautesvallees.com\/la-grave\/wp-json\/wp\/v2\/typeobjet?post=47090"}],"curies":[{"name":"wp","href":"https:\/\/api.w.org\/{rel}","templated":true}]}}

Bibliothèque &amp; Médiathèque de Villar d&rsquo;Arène
