{"id":40707,"date":"2026-03-12T13:47:39","date_gmt":"2026-03-12T12:47:39","guid":{"rendered":"https:\/\/www.hautesvallees.com\/la-grave\/pois\/itineraire-pieton-au-domaine-nordique-de-villar-darene-villar-darene\/"},"modified":"2026-03-13T05:10:16","modified_gmt":"2026-03-13T04:10:16","slug":"itineraire-pieton-au-domaine-nordique-de-villar-darene-villar-darene","status":"publish","type":"pois","link":"https:\/\/www.hautesvallees.com\/la-grave\/equipement\/itineraire-pieton-au-domaine-nordique-de-villar-darene-villar-darene\/","title":{"rendered":"Itin\u00e9raire pi\u00e9ton au domaine nordique de Villar d&rsquo;Ar\u00e8ne"},"template":"","typeobjet":[4],"class_list":["post-40707","pois","type-pois","status-publish","hentry","typeobjet-equipement"],"acf":[],"_links":{"self":[{"href":"https:\/\/www.hautesvallees.com\/la-grave\/wp-json\/wp\/v2\/pois\/40707","targetHints":{"allow":["GET"]}}],"collection":[{"href":"https:\/\/www.hautesvallees.com\/la-grave\/wp-json\/wp\/v2\/pois"}],"about":[{"href":"https:\/\/www.hautesvallees.com\/la-grave\/wp-json\/wp\/v2\/types\/pois"}],"wp:attachment":[{"href":"https:\/\/www.hautesvallees.com\/la-grave\/wp-json\/wp\/v2\/media?parent=40707"}],"wp:term":[{"taxonomy":"typeobjet","embeddable":true,"href":"https:\/\/www.hautesvallees.com\/la-grave\/wp-json\/wp\/v2\/typeobjet?post=40707"}],"curies":[{"name":"wp","href":"https:\/\/api.w.org\/{rel}","templated":true}]}}

Itinéraire piéton au domaine nordique de Villar d&rsquo;Arène
