{"id":19011,"date":"2026-04-01T12:46:31","date_gmt":"2025-11-05T10:05:52","guid":{"rendered":"https:\/\/www.hautesvallees.com\/la-grave\/pois\/raquettes-reveillon-sejour-cle-en-main-avec-le-faranchin-villar-darene\/"},"modified":"2026-04-02T03:20:07","modified_gmt":"2026-04-02T01:20:07","slug":"raquettes-reveillon-sejour-cle-en-main-avec-le-faranchin-villar-darene","status":"publish","type":"pois","link":"https:\/\/www.hautesvallees.com\/la-grave\/sejour-package\/raquettes-reveillon-sejour-cle-en-main-avec-le-faranchin-villar-darene\/","title":{"rendered":"Raquettes &amp; R\u00e9veillon : s\u00e9jour cl\u00e9 en main avec le Faranchin"},"template":"","typeobjet":[12],"class_list":["post-19011","pois","type-pois","status-publish","hentry","typeobjet-sejour-package"],"acf":[],"_links":{"self":[{"href":"https:\/\/www.hautesvallees.com\/la-grave\/wp-json\/wp\/v2\/pois\/19011","targetHints":{"allow":["GET"]}}],"collection":[{"href":"https:\/\/www.hautesvallees.com\/la-grave\/wp-json\/wp\/v2\/pois"}],"about":[{"href":"https:\/\/www.hautesvallees.com\/la-grave\/wp-json\/wp\/v2\/types\/pois"}],"wp:attachment":[{"href":"https:\/\/www.hautesvallees.com\/la-grave\/wp-json\/wp\/v2\/media?parent=19011"}],"wp:term":[{"taxonomy":"typeobjet","embeddable":true,"href":"https:\/\/www.hautesvallees.com\/la-grave\/wp-json\/wp\/v2\/typeobjet?post=19011"}],"curies":[{"name":"wp","href":"https:\/\/api.w.org\/{rel}","templated":true}]}}

Raquettes &amp; Réveillon : séjour clé en main avec le Faranchin
