{"id":15141,"date":"2026-08-21T15:43:21","date_gmt":"2025-09-11T07:19:04","guid":{"rendered":"https:\/\/www.hautesvallees.com\/la-grave\/pois\/journees-europeennes-du-patrimoines-guided-tour-of-the-villar-darene-bread-oven-villar-darene\/"},"modified":"2026-08-22T06:10:17","modified_gmt":"2026-08-22T04:10:17","slug":"journees-europeennes-du-patrimoines-guided-tour-of-the-villar-darene-bread-oven-villar-darene","status":"publish","type":"pois","link":"https:\/\/www.hautesvallees.com\/la-grave\/fete-et-manifestation\/journees-europeennes-du-patrimoines-guided-tour-of-the-villar-darene-bread-oven-villar-darene\/","title":{"rendered":"Journ\u00e9es Europ\u00e9ennes du Patrimoines &#8211; Guided tour of the Villar d&rsquo;Ar\u00e8ne bread oven"},"template":"","typeobjet":[3],"class_list":["post-15141","pois","type-pois","status-publish","hentry","typeobjet-fete-et-manifestation"],"acf":[],"_links":{"self":[{"href":"https:\/\/www.hautesvallees.com\/la-grave\/wp-json\/wp\/v2\/pois\/15141","targetHints":{"allow":["GET"]}}],"collection":[{"href":"https:\/\/www.hautesvallees.com\/la-grave\/wp-json\/wp\/v2\/pois"}],"about":[{"href":"https:\/\/www.hautesvallees.com\/la-grave\/wp-json\/wp\/v2\/types\/pois"}],"wp:attachment":[{"href":"https:\/\/www.hautesvallees.com\/la-grave\/wp-json\/wp\/v2\/media?parent=15141"}],"wp:term":[{"taxonomy":"typeobjet","embeddable":true,"href":"https:\/\/www.hautesvallees.com\/la-grave\/wp-json\/wp\/v2\/typeobjet?post=15141"}],"curies":[{"name":"wp","href":"https:\/\/api.w.org\/{rel}","templated":true}]}}

Journées Européennes du Patrimoines &#8211; Guided tour of the Villar d&rsquo;Arène bread oven
