{"id":949,"date":"2024-02-15T15:03:33","date_gmt":"2024-02-15T14:03:58","guid":{"rendered":"https:\/\/www.hautesvallees.com\/la-grave\/?page_id=949"},"modified":"2025-06-19T16:38:02","modified_gmt":"2025-06-19T14:38:02","slug":"cyclisme","status":"publish","type":"page","link":"https:\/\/www.hautesvallees.com\/la-grave\/que-faire\/en-ete\/cyclisme\/","title":{"rendered":"Cyclisme"},"content":{"rendered":"<div class=\"GutText  GutContainer\">\n        <div class=\"GutText-inner\">\n            <div class=\"GutTitle Center\">\n                    <h2 class=\"GutTitle-title\">\n                                                        Izoard, Lautaret, Galibier\n                            <\/h2>\n                    <\/div>\n                            <div class=\"GutText-intro Center\">Trois noms qui tr\u00f4nent dans l\u2019imaginaire collectif du cyclisme et du Tour de France.<\/div>\n                                        <div class=\"GutText-wysiwyg Content\">\n                    <p style=\"text-align: center;\">Ces lacets qui se succ\u00e8dent sous les sommets sont absolument \u00e0 cocher pour chaque cycliste.<\/p>\n<p style=\"text-align: center;\">Au <strong>Lautaret<\/strong>, le vert des p\u00e2turages contraste avec les glaciers, au <strong>Galibier<\/strong> la vue s\u2019\u00e9tend plus loin que loin, vers la Savoie, le Queyras et les \u00c9crins, et \u00e0 <strong>l\u2019Izoard<\/strong> nous passons du lumineux m\u00e9l\u00e9zin au d\u00e9sert lunaire.<\/p>\n\n                <\/div>\n                    <\/div>\n    <\/div>\n\n\n<div class=\"GutImage  GutContainer-full\">\n        <div class=\"GutImage-container\">\n                        \n                            <picture class=\"GutImage-pic\">\n                    <source srcset=\"https:\/\/www.hautesvallees.com\/content\/uploads\/sites\/2\/2025\/01\/velo-lautaret-face-a-la-meije-scaled-1-768x360.jpg\" media=\"(max-width: 768px)\">\n                    <source srcset=\"https:\/\/www.hautesvallees.com\/content\/uploads\/sites\/2\/2025\/01\/velo-lautaret-face-a-la-meije-scaled-1-992x465.jpg\" media=\"(max-width: 992px)\">\n                    <source srcset=\"https:\/\/www.hautesvallees.com\/content\/uploads\/sites\/2\/2025\/01\/velo-lautaret-face-a-la-meije-scaled-1-1920x900.jpg\" media=\"(min-width: 993px)\">\n                    <img decoding=\"async\" class=\"GutImage-img\" src=\"https:\/\/www.hautesvallees.com\/content\/uploads\/sites\/2\/2025\/01\/velo-lautaret-face-a-la-meije-scaled-1-1920x900.jpg\" alt=\"velo-lautaret-face-a-la-meije-scaled\" \/>\n                <\/picture>\n                                        <div class=\"GutImage-creditphoto\">\n                    \u00a9T. Blais\n                <\/div>\n                    <\/div>\n    <\/div>\n\n\n<div class=\"GutCol2  GutContainer\">\n        <div class=\"GutCol2-container\">\n\n            <div class=\"GutTitle Left\">\n                    <h2 class=\"GutTitle-title\">\n                                    <span class=\"GutTitle-surtitle\">Quelques id\u00e9es<\/span>\n                                                        de parcours en cyclisme\n                            <\/h2>\n                    <\/div>\n\n                                                                                                                                        <div class=\"GutCol2-wrap GutCol2-blocImage Left\">\n                                    <picture class=\"GutCol2-picture\">\n                                        <img decoding=\"async\" src=\"https:\/\/www.hautesvallees.com\/content\/uploads\/sites\/2\/2025\/01\/col-de-lechelle-velo-5-588x588.jpg\"\n                                             alt=\"col-de-lechelle-velo-5\" \/>\n                                    <\/picture>\n                                                                            <span class=\"GutCol2-credit\">\u00a9 T . Blais<\/span>\n                                                                    <\/div>\n                                                                                                                                                    <div class=\"GutCol2-wrap GutCol2-blocTexte Right\">\n                                <div class=\"GutCol2-blocTexte--inner\">\n                                                                            <div class=\"GutTitle Left\">\n                    <h2 class=\"GutTitle-title\">\n                                                        Le col des Portes \n                            <\/h2>\n                            <span class=\"GutTitle-subtitle\">hameaux de La Grave<\/span>\n            <\/div>\n                                                                                                                                                    <div class=\"GutCol2-text Content\">\n                                            <p>Une petite route sinueuse avec des \u00e9pingles bien serr\u00e9es rejoint les <a href=\"https:\/\/www.hautesvallees.com\/la-grave\/decouvrir\/le-pays-de-la-meije\/la-grave-ses-hameaux\/\">hameaux de la Grave<\/a> o\u00f9 la Meije, le R\u00e2teau et les glaciers semblent \u00eatre juste l\u00e0, devant nos roues.<\/p>\n<ul>\n<li>9 km, + 380 m<\/li>\n<li>Pente moyenne\u00a0: 7,5 %,<\/li>\n<li>D\u00e9part\u00a0: La Grave ou Villar d\u2019Ar\u00e8ne<\/li>\n<\/ul>\n\n                                        <\/div>\n                                                                    <\/div>\n                            <\/div>\n                                                                <\/div>\n    <\/div>\n\n\n<div class=\"GutCol2  GutContainer\">\n        <div class=\"GutCol2-container\">\n\n            \n                                                                                                        <div class=\"GutCol2-wrap GutCol2-blocTexte Left\">\n                                <div class=\"GutCol2-blocTexte--inner\">\n                                                                            <div class=\"GutTitle Left\">\n                    <h2 class=\"GutTitle-title\">\n                                                        Le col du Lautaret \n                            <\/h2>\n                            <span class=\"GutTitle-subtitle\">2057 m<\/span>\n            <\/div>\n                                                                                                                                                    <div class=\"GutCol2-text Content\">\n                                            <p>Cette grimpette relativement en douceur permet d\u2019en prendre plein les yeux\u00a0: de la montagne des Agneaux au grand pic de la Meije, les g\u00e9ants du <a href=\"https:\/\/www.hautesvallees.com\/la-grave\/decouvrir\/le-pays-de-la-meije\/parc-national-des-ecrins\/\">Parc national des \u00c9crins<\/a> et leurs glaciers nous suivent tout le long. Au col, une boisson fra\u00eeche pour contempler\u00a0?<\/p>\n<ul>\n<li>21,5 km, + 585 m<\/li>\n<li>Pente\u00a0: de 3,5 \u00e0 7 %.<\/li>\n<li>D\u00e9part\u00a0: La Grave ou Villar d\u2019Ar\u00e8ne<\/li>\n<\/ul>\n\n                                        <\/div>\n                                                                    <\/div>\n                            <\/div>\n                                                                                                                                                        <div class=\"GutCol2-wrap GutCol2-blocImage Right\">\n                                    <picture class=\"GutCol2-picture\">\n                                        <img decoding=\"async\" src=\"https:\/\/www.hautesvallees.com\/content\/uploads\/sites\/2\/2025\/01\/velo-lautaret-face-a-la-meije-7-scaled-1-588x588.jpg\"\n                                             alt=\"col du galibier en v\u00e9lo\" \/>\n                                    <\/picture>\n                                                                            <span class=\"GutCol2-credit\">\u00a9 T. Blais<\/span>\n                                                                    <\/div>\n                                                                                            <\/div>\n    <\/div>\n\n\n<div class=\"GutCol2  GutContainer\">\n        <div class=\"GutCol2-container\">\n\n            \n                                                                                                                                        <div class=\"GutCol2-wrap GutCol2-blocImage Left\">\n                                    <picture class=\"GutCol2-picture\">\n                                        <img decoding=\"async\" src=\"https:\/\/www.hautesvallees.com\/content\/uploads\/sites\/2\/2025\/01\/Lautaret_Galibier_HD\u00a9AgenceKros_RemiFabregue-25-588x588.jpg\"\n                                             alt=\"Col du Galibier\" \/>\n                                    <\/picture>\n                                                                            <span class=\"GutCol2-credit\">\u00a9 AgenceKros Remi Fabregue<\/span>\n                                                                    <\/div>\n                                                                                                                                                    <div class=\"GutCol2-wrap GutCol2-blocTexte Right\">\n                                <div class=\"GutCol2-blocTexte--inner\">\n                                                                            <div class=\"GutTitle Left\">\n                    <h2 class=\"GutTitle-title\">\n                                                        Le col du Galibier \n                            <\/h2>\n                            <span class=\"GutTitle-subtitle\">2642 m<\/span>\n            <\/div>\n                                                                                                                                                    <div class=\"GutCol2-text Content\">\n                                            <p>Une ascension obligatoire dans le carnet de bal des cyclistes. La route grimpe d\u2019abord au <a href=\"https:\/\/www.hautesvallees.com\/la-grave\/decouvrir\/le-pays-de-la-meije\/cols-du-lautaret-et-du-galibier\/\">col du Lautaret<\/a> avec le\u00a0massif de la Meije pour compagnon, ensuite des lacets en pente r\u00e9guli\u00e8re franchissent les cr\u00eates qui nous s\u00e9parent de la Savoie. La terrasse du Beau Refuge du Galibier offre du r\u00e9pit avant ou apr\u00e8s les trois virages \u00e0 10 % qui m\u00e8nent au sommet.<\/p>\n<ul>\n<li>9 km, + 1170 m<\/li>\n<li>Pente moyenne\u00a0: 6,9 % entre le Lautaret et le Galibier.<\/li>\n<li>D\u00e9part\u00a0: La Grave ou Villar d\u2019Ar\u00e8ne<\/li>\n<\/ul>\n\n                                        <\/div>\n                                                                    <\/div>\n                            <\/div>\n                                                                <\/div>\n    <\/div>\n\n\n<div class=\"GutCol2  GutContainer\">\n        <div class=\"GutCol2-container\">\n\n            \n                                                                                                        <div class=\"GutCol2-wrap GutCol2-blocTexte Left\">\n                                <div class=\"GutCol2-blocTexte--inner\">\n                                                                            <div class=\"GutTitle Left\">\n                    <h2 class=\"GutTitle-title\">\n                                                        La grande boucle \n                            <\/h2>\n                            <span class=\"GutTitle-subtitle\">de la Marmotte<\/span>\n            <\/div>\n                                                                                                                                                    <div class=\"GutCol2-text Content\">\n                                            <p>La grande boucle de la course cycliste La Marmotte vous fait voyager de l&rsquo;Oisans \u00e0 la Maurienne, en traversant les cols du Glandon, du Galibier et du Lautaret. Vous voil\u00e0 de retour sous le soleil du Brian\u00e7onnais.<\/p>\n<ul>\n<li>177 km, + 5016 m<\/li>\n<li>D\u00e9part\u00a0: La Grave ou Villar d\u2019Ar\u00e8ne<\/li>\n<\/ul>\n\n                                        <\/div>\n                                                                    <\/div>\n                            <\/div>\n                                                                                                                                                        <div class=\"GutCol2-wrap GutCol2-blocImage Right\">\n                                    <picture class=\"GutCol2-picture\">\n                                        <img decoding=\"async\" src=\"https:\/\/www.hautesvallees.com\/content\/uploads\/sites\/2\/2025\/01\/Lautaret_Galibier_HD\u00a9AgenceKros_RemiFabregue-26-664x480.jpg\"\n                                             alt=\"Col du Galibier_HD \u00a9AgenceKros Remi Fabregue\" \/>\n                                    <\/picture>\n                                                                            <span class=\"GutCol2-credit\">\u00a9 AgenceKros Remi Fabregue<\/span>\n                                                                    <\/div>\n                                                                                            <\/div>\n    <\/div>\n\n\n<div class=\"GutText  GutContainer\">\n        <div class=\"GutText-inner\">\n            <div class=\"GutTitle Center\">\n                    <h2 class=\"GutTitle-title\">\n                                    <span class=\"GutTitle-surtitle\">Tous les itin\u00e9raires cyclisme<\/span>\n                                                        dans les hautes vall\u00e9es &#8211; La Grave, la Clar\u00e9e, l&#039;Izoard\n                            <\/h2>\n                    <\/div>\n                            <div class=\"GutText-intro Center\">Vous recherchez des informations pratiques pour l&rsquo;ascension des grands cols du Brian\u00e7onnais ? <\/div>\n                                        <div class=\"GutText-wysiwyg Content\">\n                    <p style=\"text-align: center;\">Col de l&rsquo;Izoard, col du Galibier, col du Lautaret, col de l\u2019\u00c9chelle, autant de noms mythiques pour le cyclisme autour de Brian\u00e7on-Serre-Chevalier. Vous souhaitez les gravir ? En mode d\u00e9fis, sur les traces des champions du tour de France ou par plaisir, en v\u00e9lo \u00e9lectrique ?<\/p>\n<p style=\"text-align: center;\">Retrouvez les trac\u00e9s et les informations avant de partir \u00e0 l&rsquo;ascension de ces cols.<\/p>\n\n                <\/div>\n                    <\/div>\n    <\/div>\n\n\n\n<div class=\"ApiListing __altimax_listing \" data-js=\"{&quot;action_load&quot;:&quot;apidae_listing_load&quot;,&quot;action_map_tiles&quot;:&quot;apidae_listing_load_map_tiles&quot;,&quot;action_filters&quot;:&quot;apidae_listing_filters&quot;,&quot;action_pdf&quot;:&quot;apidae_listing_pdf&quot;,&quot;post_id&quot;:949,&quot;blog_id&quot;:2,&quot;uid&quot;:1,&quot;cache_key&quot;:&quot;a1bd1f6665b0b133c7c5c004da21371d&quot;,&quot;is_agenda&quot;:false,&quot;listing_mode&quot;:&quot;listing&quot;,&quot;use_filters&quot;:false,&quot;use_share&quot;:false,&quot;paginator&quot;:{&quot;currentPage&quot;:1,&quot;maxPerPage&quot;:8,&quot;count&quot;:0,&quot;totalPages&quot;:0,&quot;nextPage&quot;:1,&quot;html&quot;:&quot;&quot;},&quot;ajax_url&quot;:&quot;https:\\\/\\\/www.hautesvallees.com\\\/\\\/la-grave\\\/wp-admin\\\/admin-ajax.php&quot;,&quot;lang&quot;:&quot;fr&quot;}\">\n    <div class=\"ApiListingLoader __altimax_loader\">\n        <div class=\"ApiListingLoader-container\">\n            <div class=\"ApiListingLoader-ring\"><\/div>\n        <\/div>\n    <\/div>\n        \n        \n        \n                                <div class=\"ApiListing-container\">\n        <div class=\"ApiListing-control container_full \">\n                                                    <button class=\"ApiListing-pdf desktop Button-border __altimax_listing_pdf\">T\u00e9l\u00e9charger<\/button>\n                                                                <div class=\"ApiListing-result\">\n                <div class=\"ApiListing-result--number __altimax_listing_count\">0<\/div>\n                R\u00e9sultats\n            <\/div>\n                    <\/div>\n\n        <div class=\"ApiListing-wrapper container_full  \">\n            \n                            <ul class=\"ApiListing-list __altimax_listing_content\">\n                                    <\/ul>\n            \n                        \n        <\/div>\n                    <ul class=\"Paginator __altimax_listing_paginator\">\n                \n            <\/ul>\n            <\/div>\n<\/div>\n\n<div class=\"GutText BgColor GutContainer-full\">\n        <div class=\"GutText-inner\">\n            <div class=\"GutTitle Center\">\n                    <h2 class=\"GutTitle-title\">\n                                    <span class=\"GutTitle-surtitle\">Op\u00e9rations<\/span>\n                                                         COLS R\u00c9SERV\u00c9S AUX CYCLISTES\n                            <\/h2>\n                    <\/div>\n                                        <div class=\"GutText-wysiwyg Content\">\n                    <p class=\"text-justify\" style=\"text-align: center;\">Les grands cols des Alpes ouvrent \u00e0 la circulation entre fin avril et fin mai ou mi-juin selon l\u2019altitude et la m\u00e9t\u00e9o printani\u00e8re. C&rsquo;est le moment pour sortir les v\u00e9los\u00a0 et tenter de gravir les cols mythiques du Tour de France.<\/p>\n<p class=\"text-justify\" style=\"text-align: center;\">En saison estivale, vous pouvez profiter des op\u00e9rations <em><strong>Cols r\u00e9serv\u00e9s<\/strong>\u00a0<\/em>pour grimper les cols des Hautes-Alpes, tranquilles entre cyclistes et en toute s\u00e9curit\u00e9, car le temps d\u2019une matin\u00e9e la route sera ferm\u00e9e \u00e0 la circulation motoris\u00e9e.<\/p>\n<p style=\"text-align: center;\">Retrouvez toutes les dates des cols r\u00e9serv\u00e9s dans les Hautes Vall\u00e9es &#8211; La Grave, la Clar\u00e9e, l&rsquo;Izoard ci-dessous.<\/p>\n<p class=\"size_22 text-center\">\n\n                <\/div>\n                    <\/div>\n    <\/div>\n\n\n\n<div class=\"ApiListing __altimax_listing \" data-js=\"{&quot;action_load&quot;:&quot;apidae_listing_load&quot;,&quot;action_map_tiles&quot;:&quot;apidae_listing_load_map_tiles&quot;,&quot;action_filters&quot;:&quot;apidae_listing_filters&quot;,&quot;action_pdf&quot;:&quot;apidae_listing_pdf&quot;,&quot;post_id&quot;:949,&quot;blog_id&quot;:2,&quot;uid&quot;:2,&quot;cache_key&quot;:&quot;592f0d00986de6c91f042ed7f57b91ee&quot;,&quot;is_agenda&quot;:false,&quot;listing_mode&quot;:&quot;listing&quot;,&quot;use_filters&quot;:false,&quot;use_share&quot;:false,&quot;paginator&quot;:{&quot;currentPage&quot;:1,&quot;maxPerPage&quot;:6,&quot;count&quot;:0,&quot;totalPages&quot;:0,&quot;nextPage&quot;:1,&quot;html&quot;:&quot;&quot;},&quot;ajax_url&quot;:&quot;https:\\\/\\\/www.hautesvallees.com\\\/\\\/la-grave\\\/wp-admin\\\/admin-ajax.php&quot;,&quot;lang&quot;:&quot;fr&quot;}\">\n    <div class=\"ApiListingLoader __altimax_loader\">\n        <div class=\"ApiListingLoader-container\">\n            <div class=\"ApiListingLoader-ring\"><\/div>\n        <\/div>\n    <\/div>\n        \n        \n        \n                                <div class=\"ApiListing-container\">\n        <div class=\"ApiListing-control container_full \">\n                                                    <button class=\"ApiListing-pdf desktop Button-border __altimax_listing_pdf\">T\u00e9l\u00e9charger<\/button>\n                                                                <div class=\"ApiListing-result\">\n                <div class=\"ApiListing-result--number __altimax_listing_count\">0<\/div>\n                R\u00e9sultats\n            <\/div>\n                    <\/div>\n\n        <div class=\"ApiListing-wrapper container_full  \">\n            \n                            <ul class=\"ApiListing-list __altimax_listing_content\">\n                                    <\/ul>\n            \n                        \n        <\/div>\n                    <ul class=\"Paginator __altimax_listing_paginator\">\n                \n            <\/ul>\n            <\/div>\n<\/div>\n\n<div class=\"GutCol2  GutContainer\">\n        <div class=\"GutCol2-container\">\n\n            <div class=\"GutTitle Left\">\n                    <h2 class=\"GutTitle-title\">\n                                    <span class=\"GutTitle-surtitle\">Zoom sur<\/span>\n                                                        La tourn\u00e9e des Grands cols\n                            <\/h2>\n                    <\/div>\n\n                                                                                                                                        <div class=\"GutCol2-wrap GutCol2-blocImage Left\">\n                                    <picture class=\"GutCol2-picture\">\n                                        <img decoding=\"async\" src=\"https:\/\/www.hautesvallees.com\/content\/uploads\/sites\/2\/2025\/01\/Col-Izoard-_-Alpesphotographies.com-122-optimise-web-664x480.jpg\"\n                                             alt=\"Col-Izoard-_-Alpesphotographies.com-122-optimise-web\" \/>\n                                    <\/picture>\n                                                                    <\/div>\n                                                                                                                                                    <div class=\"GutCol2-wrap GutCol2-blocTexte Right\">\n                                <div class=\"GutCol2-blocTexte--inner\">\n                                                                                                                                                    <div class=\"GutCol2-text Content\">\n                                            <h3 style=\"text-align: center;\">La tourn\u00e9e des Grands cols, qu&rsquo;est-ce que c&rsquo;est ?<\/h3>\n<p style=\"text-align: center;\">Une semaine pour d\u00e9couvrir les grands cols du Brian\u00e7onnais et du Queyras : les plus beaux cols des Hautes-Alpes. Chaque jour un nouveau col \u00e0 d\u00e9couvrir en toute s\u00e9curit\u00e9 avec la route ferm\u00e9e \u00e0 la circulation automobile. Col du Galibier, col du Granon, col de l&rsquo;Izoard, col Agnel ou encore le col de l&rsquo;\u00c9chelle.<\/p>\n<p style=\"text-align: center;\"><a class=\"Button-primary\" href=\"https:\/\/www.hautesvallees.com\/fete-et-manifestation\/cols-reserves-la-tournee-des-grands-cols-chateau-ville-vieille\/\">En savoir plus <\/a><\/p>\n<p>&nbsp;<\/p>\n\n                                        <\/div>\n                                                                    <\/div>\n                            <\/div>\n                                                                <\/div>\n    <\/div>\n\n\n<div class=\"GutCol2  GutContainer\">\n        <div class=\"GutCol2-container\">\n\n            <div class=\"GutTitle Left\">\n                    <h2 class=\"GutTitle-title\">\n                                                        Label accueil Velo \n                            <\/h2>\n                    <\/div>\n\n                                                                                                        <div class=\"GutCol2-wrap GutCol2-blocTexte Left\">\n                                <div class=\"GutCol2-blocTexte--inner\">\n                                                                                                                                                    <div class=\"GutCol2-text Content\">\n                                            <h6 style=\"text-align: center;\">Le bureau d\u2019information touristique de la Grave est labellis\u00e9 \u00ab Accueil Velo \u00bb<\/h6>\n<ul>\n<li><strong>Indications claires pour rejoindre facilement tous les Accueil V\u00e9los de France !<\/strong><\/li>\n<li><strong>Accueil chaleureux<\/strong> et <strong>personnalis\u00e9 <\/strong>: avec des informations et des conseils adapt\u00e9s aux cyclistes.<\/li>\n<li>Un <strong>stationnement s\u00e9curis\u00e9<\/strong> et <strong>gratuit <\/strong>pour votre v\u00e9lo<\/li>\n<li>Possibilit\u00e9 de<strong> recharger la batterie<\/strong> de votre <strong>v\u00e9lo \u00e9lectrique (VAE)<\/strong><\/li>\n<li>La possibilit\u00e9 de <strong>laisser vos sacoches<\/strong> en toute tranquillit\u00e9<\/li>\n<li>Des <strong>prises <\/strong>\u00e0 disposition pour <strong>recharger votre t\u00e9l\u00e9phone<\/strong> ou <strong>GPS<\/strong><\/li>\n<li><strong>Kit de r\u00e9paration complet<\/strong> \u00e0 port\u00e9e de main en cas de p\u00e9pin<\/li>\n<\/ul>\n\n                                        <\/div>\n                                                                    <\/div>\n                            <\/div>\n                                                                                                                                                        <div class=\"GutCol2-wrap GutCol2-blocImage Right\">\n                                    <picture class=\"GutCol2-picture\">\n                                        <img decoding=\"async\" src=\"https:\/\/www.hautesvallees.com\/content\/uploads\/sites\/2\/2025\/06\/logo_accueil_velo.png\"\n                                             alt=\"Label accueil velo\" \/>\n                                    <\/picture>\n                                                                    <\/div>\n                                                                                            <\/div>\n    <\/div>\n","protected":false},"excerpt":{"rendered":"","protected":false},"author":7,"featured_media":1291,"parent":947,"menu_order":0,"comment_status":"closed","ping_status":"closed","template":"","meta":{"_acf_changed":false,"footnotes":""},"class_list":["post-949","page","type-page","status-publish","has-post-thumbnail","hentry"],"acf":[],"_links":{"self":[{"href":"https:\/\/www.hautesvallees.com\/la-grave\/wp-json\/wp\/v2\/pages\/949","targetHints":{"allow":["GET"]}}],"collection":[{"href":"https:\/\/www.hautesvallees.com\/la-grave\/wp-json\/wp\/v2\/pages"}],"about":[{"href":"https:\/\/www.hautesvallees.com\/la-grave\/wp-json\/wp\/v2\/types\/page"}],"author":[{"embeddable":true,"href":"https:\/\/www.hautesvallees.com\/la-grave\/wp-json\/wp\/v2\/users\/7"}],"replies":[{"embeddable":true,"href":"https:\/\/www.hautesvallees.com\/la-grave\/wp-json\/wp\/v2\/comments?post=949"}],"version-history":[{"count":8,"href":"https:\/\/www.hautesvallees.com\/la-grave\/wp-json\/wp\/v2\/pages\/949\/revisions"}],"predecessor-version":[{"id":15172,"href":"https:\/\/www.hautesvallees.com\/la-grave\/wp-json\/wp\/v2\/pages\/949\/revisions\/15172"}],"up":[{"embeddable":true,"href":"https:\/\/www.hautesvallees.com\/la-grave\/wp-json\/wp\/v2\/pages\/947"}],"wp:featuredmedia":[{"embeddable":true,"href":"https:\/\/www.hautesvallees.com\/la-grave\/wp-json\/wp\/v2\/media\/1291"}],"wp:attachment":[{"href":"https:\/\/www.hautesvallees.com\/la-grave\/wp-json\/wp\/v2\/media?parent=949"}],"curies":[{"name":"wp","href":"https:\/\/api.w.org\/{rel}","templated":true}]}}