{"id":5383,"date":"2025-03-17T10:06:28","date_gmt":"2025-03-17T09:06:28","guid":{"rendered":"https:\/\/www.hautesvallees.com\/la-grave\/?page_id=5383"},"modified":"2026-03-26T17:58:55","modified_gmt":"2026-03-26T16:58:55","slug":"zoom-sur-le-tour-de-la-meije","status":"publish","type":"page","link":"https:\/\/www.hautesvallees.com\/la-grave\/que-faire\/en-hiver\/ski-de-randonnee\/zoom-sur-le-tour-de-la-meije\/","title":{"rendered":"Zoom sur le tour de la Meije"},"content":{"rendered":"<div class=\"GutText  GutContainer\">\n        <div class=\"GutText-inner\">\n            <div class=\"GutTitle Center\">\n                    <h2 class=\"GutTitle-title\">\n                                    <span class=\"GutTitle-surtitle\">la reine<\/span>\n                                                        meije\n                            <\/h2>\n                    <\/div>\n                                        <div class=\"GutText-wysiwyg Content\">\n                    <p style=\"text-align: center\">Class\u00e9 parmi les cinq plus beaux raids des Alpes, cet itin\u00e9raire traverse cinq cols \u00e0 plus de 3 000 m et des refuges au charme unique. Il offre une immersion intense dans un massif sauvage, alternant vall\u00e9es profondes, passages techniques et a\u00e9riens, sommets panoramiques \u00e0 plus de 3 500 m et descentes inoubliables, depuis les glaciers d\u2019altitude jusqu\u2019aux torrents tumultueux 2 000 m plus bas.<\/p>\n\n                <\/div>\n                    <\/div>\n    <\/div>\n\n\n<div class=\"GutImage  GutContainer\">\n        <div class=\"GutImage-container\">\n                        \n                            <picture class=\"GutImage-pic\">\n                    <source srcset=\"https:\/\/www.hautesvallees.com\/content\/uploads\/sites\/2\/2025\/01\/lac-du-pontet-la-meije-alpesphotographies.com-17-768x433.jpg\" media=\"(max-width: 768px)\">\n                    <source srcset=\"https:\/\/www.hautesvallees.com\/content\/uploads\/sites\/2\/2025\/01\/lac-du-pontet-la-meije-alpesphotographies.com-17-992x559.jpg\" media=\"(max-width: 992px)\">\n                    <source srcset=\"https:\/\/www.hautesvallees.com\/content\/uploads\/sites\/2\/2025\/01\/lac-du-pontet-la-meije-alpesphotographies.com-17-1348x760.jpg\" media=\"(min-width: 993px)\">\n                    <img decoding=\"async\" class=\"GutImage-img\" src=\"https:\/\/www.hautesvallees.com\/content\/uploads\/sites\/2\/2025\/01\/lac-du-pontet-la-meije-alpesphotographies.com-17-1348x760.jpg\" alt=\"Pays de la Meije - Alpes Photographies\" \/>\n                <\/picture>\n                                        <div class=\"GutImage-creditphoto\">\n                    \u00a9 Alpes Photographies\n                <\/div>\n                    <\/div>\n    <\/div>\n\n\n<div class=\"GutText BgColor GutContainer\">\n        <div class=\"GutText-inner\">\n            <div class=\"GutTitle Center\">\n                    <h2 class=\"GutTitle-title\">\n                                                        attention\n                            <\/h2>\n                    <\/div>\n                            <div class=\"GutText-intro Left\">Avec l\u2019\u00e9volution climatique, certains itin\u00e9raires ont augment\u00e9 en technicit\u00e9 sur certains passages et n\u00e9cessitent des comp\u00e9tences d\u2019alpinisme classiques et du mat\u00e9riel adapt\u00e9.<\/div>\n                                        <div class=\"GutText-wysiwyg Content\">\n                    <div class=\"GutText-intro Center\">N\u2019h\u00e9sitez pas \u00e0 contacter <a href=\"https:\/\/www.hautesvallees.com\/la-grave\/se-loger\/refuges\/\" target=\"_blank\" rel=\"noopener\">les refuges<\/a> ou <a href=\"https:\/\/www.guidelagrave.com\/activite\/grand-tour-de-la-meije-en-ski-de-randonne-dans-les-ecrins\/\" target=\"_blank\" rel=\"noopener\">le bureau des guides de La Grave<\/a>.<\/div>\n<div style=\"text-align: center\"><\/div>\n<div style=\"text-align: center\"><span style=\"font-weight: 400\">Important : les itin\u00e9raires d\u00e9crits ici r\u00e9clament une condition physique, technique et une exp\u00e9rience adapt\u00e9es \u00e0 la haute montagne. Il convient d\u2019y progresser en bonne connaissance des \u00e9l\u00e9ments m\u00e9t\u00e9orologiques, nivologiques, des techniques d\u2019alpinisme et mat\u00e9riel appropri\u00e9.<\/span><\/div>\n\n                <\/div>\n                    <\/div>\n    <\/div>\n\n\n<div class=\"GutCol2  GutContainer\">\n        <div class=\"GutCol2-container\">\n\n            <div class=\"GutTitle Left\">\n                    <h2 class=\"GutTitle-title\">\n                                    <span class=\"GutTitle-surtitle\">itin\u00e9raire depuis <\/span>\n                                                        villar d&#039;ar\u00e8ne\n                            <\/h2>\n                    <\/div>\n\n                                                                                                                                        <div class=\"GutCol2-wrap GutCol2-blocImage Left\">\n                                    <picture class=\"GutCol2-picture\">\n                                        <img decoding=\"async\" src=\"https:\/\/www.hautesvallees.com\/content\/uploads\/sites\/2\/2025\/03\/tour-de-la-meije-en-ski-alpinisme-et-refuges-51-664x480.jpg\"\n                                             alt=\"tour de la meije en ski alpinisme et refuges-\u00a9 T. Blais\" \/>\n                                    <\/picture>\n                                                                            <span class=\"GutCol2-credit\">\u00a9 T. Blais<\/span>\n                                                                    <\/div>\n                                                                                                                                                    <div class=\"GutCol2-wrap GutCol2-blocTexte Right\">\n                                <div class=\"GutCol2-blocTexte--inner\">\n                                                                                                                <div class=\"GutCol2-intro\">Les \u00e9tapes cit\u00e9es ci apr\u00e8s peuvent \u00eatre modulables.<\/div>\n                                                                                                                <div class=\"GutCol2-text Content\">\n                                            <p>Elles peuvent \u00eatre adapt\u00e9es en fonction de la forme physique des participants. Il faut compter entre 3 et 6 jours pour 4450m de d\u00e9nivel\u00e9 positif cumul\u00e9, libre \u00e0 chacun de les combiner en fonction de la forme et de la m\u00e9t\u00e9o du moment.<\/p>\n\n                                        <\/div>\n                                                                    <\/div>\n                            <\/div>\n                                                                <\/div>\n    <\/div>\n\n\n<div class=\"GutText  GutContainer\">\n        <div class=\"GutText-inner\">\n                                                    <div class=\"GutText-wysiwyg Content\">\n                    <h6 style=\"text-align: center\"><strong>Jour 1 <\/strong><\/h6>\n<p style=\"text-align: center\">\u00a0Villar d&rsquo;Ar\u00e8ne (Arsine) &#8211; Refuge de l&rsquo;Alpe ou Refuge de Chamoissi\u00e8re | <strong>D+ 400m<\/strong><\/p>\n<h6 style=\"text-align: center\"><strong>Jour 2 <\/strong><\/h6>\n<p style=\"text-align: center\">Refuge de l&rsquo;Alpe \/ Chamoissi\u00e8re\u00a0 &#8211; Refuge Ad\u00e8le Planchard | <strong>D+ 1100m<\/strong><\/p>\n<h6 style=\"text-align: center\"><strong>Jour 3\u00a0<\/strong><\/h6>\n<p style=\"text-align: center\">Refuge Ad\u00e8le Planchard &#8211; Refuge du Promontoire<em>\u00a0| <\/em><strong>D+ 1150m <\/strong><em>(le refuge du Ch\u00e2telleret est ferm\u00e9)<\/em><strong><br \/>\n<\/strong><em>par le col des Neiges et le col de la Casse D\u00e9serte<\/em><strong><br \/>\n<\/strong><\/p>\n<h6 style=\"text-align: center\"><strong>Jour 4\u00a0<\/strong><\/h6>\n<p style=\"text-align: center\">Refuge du Promontoire &#8211; Refuge de l&rsquo;Aigle | <strong>D+ 900m<br \/>\n<\/strong><em>par la Br\u00e8che de la Meije et le passage du Serret du Savon<\/em><\/p>\n<h6 style=\"text-align: center\"><strong>Jour 6 <\/strong><\/h6>\n<p style=\"text-align: center\">Refuge de l&rsquo;Aigle &#8211; Villar d&rsquo;Ar\u00e8ne<em>\u00a0| <\/em><strong>D- 1730m<br \/>\n<\/strong>option : retour via la Meije Orientale, <em>D+ 450m &#8211; D- 2200m<\/em><\/p>\n<p>&nbsp;<\/p>\n<p style=\"text-align: center\"><a class=\"Button-primary\" href=\"https:\/\/cd05.ffcam.fr\/itinerance-entre-les-refuges.html\" target=\"_blank\" rel=\"noopener\">Plus d&rsquo;informations<\/a><\/p>\n\n                <\/div>\n                    <\/div>\n    <\/div>\n\n\n<div class=\"GutImage  GutContainer\">\n        <div class=\"GutImage-container\">\n                        \n                            <picture class=\"GutImage-pic\">\n                    <source srcset=\"https:\/\/www.hautesvallees.com\/content\/uploads\/sites\/2\/2025\/03\/tour-de-la-meije-en-ski-alpinisme-et-refuges-70-1-768x433.jpg\" media=\"(max-width: 768px)\">\n                    <source srcset=\"https:\/\/www.hautesvallees.com\/content\/uploads\/sites\/2\/2025\/03\/tour-de-la-meije-en-ski-alpinisme-et-refuges-70-1-992x559.jpg\" media=\"(max-width: 992px)\">\n                    <source srcset=\"https:\/\/www.hautesvallees.com\/content\/uploads\/sites\/2\/2025\/03\/tour-de-la-meije-en-ski-alpinisme-et-refuges-70-1-1348x760.jpg\" media=\"(min-width: 993px)\">\n                    <img decoding=\"async\" class=\"GutImage-img\" src=\"https:\/\/www.hautesvallees.com\/content\/uploads\/sites\/2\/2025\/03\/tour-de-la-meije-en-ski-alpinisme-et-refuges-70-1-1348x760.jpg\" alt=\"refuge de l&#039;aigle \u00a9 T. Blais\" \/>\n                <\/picture>\n                                        <div class=\"GutImage-creditphoto\">\n                    \u00a9 T. Blais\n                <\/div>\n                    <\/div>\n    <\/div>\n\n\n<div class=\"GutText  GutContainer\">\n        <div class=\"GutText-inner\">\n            <div class=\"GutTitle Left\">\n                    <h2 class=\"GutTitle-title\">\n                                    <span class=\"GutTitle-surtitle\">Autour de <\/span>\n                                                        la Meije\n                            <\/h2>\n                    <\/div>\n                            <div class=\"GutText-intro Center\">Cependant d&rsquo;autres itin\u00e9raires sont faisables dans les \u00c9crins. Afin de s&rsquo;adapter aux conditions parfois capricieuses ou pour changer l&rsquo;itin\u00e9raire d\u00e9couvrez ci-dessous plusieurs options. <\/div>\n                                <\/div>\n    <\/div>\n\n\n<div class=\"GutCol2  GutContainer\">\n        <div class=\"GutCol2-container\">\n\n            \n                                                                                                        <div class=\"GutCol2-wrap GutCol2-blocTexte Left\">\n                                <div class=\"GutCol2-blocTexte--inner\">\n                                                                            <div class=\"GutTitle Left\">\n                    <h2 class=\"GutTitle-title\">\n                                                        Tour combin\u00e9\n                            <\/h2>\n                            <span class=\"GutTitle-subtitle\">la Grande Ruine et de la Meije <\/span>\n            <\/div>\n                                                                                                                                                    <div class=\"GutCol2-text Content\">\n                                            <p><em><span style=\"font-weight: 400\">D\u00e9part et arriv\u00e9e : Villar d\u2019Ar\u00e8ne, Arsine<\/span><\/em><\/p>\n<p><span style=\"font-weight: 400\"><strong>Jour 1<\/strong> : Rejoindre le refuge de l\u2019Alpe de Villar d\u2019Ar\u00e8ne et celui de Chamoissi\u00e8re (+400m)<\/span><\/p>\n<p><span style=\"font-weight: 400\"><strong>Jour 2<\/strong> : Rejoindre le refuge Ad\u00e8le Planchard (+1100m)<\/span><\/p>\n<p><span style=\"font-weight: 400\"><strong>Jour 3<\/strong> : Rejoindre le refuge du Pav\u00e9 en passant par le col des Neiges (+180m), puis le col de la Casse D\u00e9serte (+140m -350m) et pour finir avec le col de la Grande Ruine (+400m -400m)<\/span><\/p>\n<p><span style=\"font-weight: 400\"><strong>Jour 4<\/strong> : Rejoindre le refuge du Promontoire par le col du Pav\u00e9 (+880m)<\/span><span style=\"font-weight: 400\"><br \/>\n<\/span><i><span style=\"font-weight: 400\">(nb : bien que l\u2019ensemble du parcours demande une vigilance constante, cette option se distingue par sa difficult\u00e9 technique sup\u00e9rieure)<\/span><\/i><\/p>\n<p><span style=\"font-weight: 400\"><strong>Jour 5<\/strong> :\u00a0<\/span><\/p>\n<p style=\"padding-left: 40px\"><span style=\"font-weight: 400\">option 1 : <\/span><span style=\"font-weight: 400\"><br \/>\n<\/span><span style=\"font-weight: 400\">Depuis le refuge du Promontoire, rejoindre la Br\u00e8che de la Meije (+350m) et rejoindre La Grave par les Enfetchores (-1900m)<\/span><\/p>\n<p style=\"padding-left: 40px\"><span style=\"font-weight: 400\">option 2 :<br \/>\n<\/span><span style=\"font-weight: 400\">Depuis le refuge du Promontoire, rejoindre la Br\u00e8che de la Meije pour passer ensuite par le Serret du Savon et le refuge de l\u2019Aigle (+900m -1750m) pour rejoindre Villar d\u2019Ar\u00e8ne.<\/span><\/p>\n<p><em><span style=\"font-weight: 400\">Total d+ : 3450m \/ 4000m<\/span><\/em><\/p>\n\n                                        <\/div>\n                                                                    <\/div>\n                            <\/div>\n                                                                                                                        <div class=\"GutCol2-wrap GutCol2-blocTexte Right\">\n                                <div class=\"GutCol2-blocTexte--inner\">\n                                                                            <div class=\"GutTitle Left\">\n                    <h2 class=\"GutTitle-title\">\n                                                        Tour de la Grande Ruine\n                            <\/h2>\n                    <\/div>\n                                                                                                                                                    <div class=\"GutCol2-text Content\">\n                                            <p><em><span style=\"font-weight: 400\">D\u00e9part et arriv\u00e9e : Villar d\u2019Ar\u00e8ne, Arsine<\/span><\/em><\/p>\n<p><span style=\"font-weight: 400\"><strong>Jour 1<\/strong> : Rejoindre le refuge de l\u2019Alpe de Villar d\u2019Ar\u00e8ne et celui de Chamoissi\u00e8re (+400m)<\/span><\/p>\n<p><span style=\"font-weight: 400\"><strong>Jour 2<\/strong> : Rejoindre le refuge Ad\u00e8le Planchard (+1100m)<\/span><\/p>\n<p><span style=\"font-weight: 400\"><strong>Jour 3<\/strong> : Rejoindre le refuge du Pav\u00e9 en passant par le col des Neiges (+180m), puis le col de la Casse D\u00e9serte (+140m -350m) et pour finir avec le col de la Grande Ruine (+400m -400m)<\/span><\/p>\n<p><span style=\"font-weight: 400\"><strong>Jour 4<\/strong> : possibilit\u00e9 de faire le col du Pav\u00e9 en aller\/retour (+750m) avant de retourner sur Villar d\u2019Ar\u00e8ne (-1900m)<\/span><\/p>\n<p><em><span style=\"font-weight: 400\">Total d+ : 2970m\u00a0<\/span><\/em><\/p>\n\n                                        <\/div>\n                                                                    <\/div>\n                            <\/div>\n                                                                <\/div>\n    <\/div>\n\n\n<div class=\"GutPeleMele  GutContainer\">\n        <div class=\"GutPeleMele-inner\">\n                                        <div class=\"GutPeleMele-grid\">\n                                                                         <div class=\"GutPeleMele-tile\">\n                                                    <img decoding=\"async\" class=\"GutPeleMele-tile--image\" src=\"https:\/\/www.hautesvallees.com\/content\/uploads\/sites\/2\/2025\/05\/Paysages-depuis-Adele-Planchard-mer-de-nuage-la-Barre-des-Ecrins-coucher-de-soleil-hiver-\u00a9Arthur-Delicque-collection-FFCAM-3.jpg\" alt=\"itin\u00e9rance Paysages depuis Ad\u00e8le Planchard, mer de nuage, la Barre des \u00c9crins coucher de soleil, hiver \u00a9Arthur Delicque - collection FFCAM (3)\">\n                            <span class=\"GutPeleMele-tile--title\"><\/span>\n                                                    <\/div>\n                                                                                                 <div class=\"GutPeleMele-tile\">\n                                                    <img decoding=\"async\" class=\"GutPeleMele-tile--image\" src=\"https:\/\/www.hautesvallees.com\/content\/uploads\/sites\/2\/2026\/03\/Ambiance-refuge-du-Promontoire-guides-de-la-Grave-hiver-hors-secteur-\u00a9Arthur-Delicque-collection-FFCAM-scaled.jpg\" alt=\"\">\n                            <span class=\"GutPeleMele-tile--title\"><\/span>\n                                                    <\/div>\n                                                                                                 <div class=\"GutPeleMele-tile\">\n                                                    <img decoding=\"async\" class=\"GutPeleMele-tile--image\" src=\"https:\/\/www.hautesvallees.com\/content\/uploads\/sites\/2\/2026\/03\/Ambiance-cuisine-avec-Guillaume-Adele-Planchard-\u00a9Arthur-Delicque-collection-FFCAM-3-1-scaled.jpg\" alt=\"\">\n                            <span class=\"GutPeleMele-tile--title\"><\/span>\n                                                    <\/div>\n                                                                                                 <div class=\"GutPeleMele-tile\">\n                                                    <img decoding=\"async\" class=\"GutPeleMele-tile--image\" src=\"https:\/\/www.hautesvallees.com\/content\/uploads\/sites\/2\/2026\/03\/Montee-au-pied-de-la-Grande-Ruine-ski-de-randonnee-printemps-\u00a9Arthur-Delicque-collection-FFCAM-1-scaled.jpg\" alt=\"\">\n                            <span class=\"GutPeleMele-tile--title\"><\/span>\n                                                    <\/div>\n                                                                                                 <div class=\"GutPeleMele-tile\">\n                                                    <img decoding=\"async\" class=\"GutPeleMele-tile--image\" src=\"https:\/\/www.hautesvallees.com\/content\/uploads\/sites\/2\/2026\/03\/Montee-au-refuge-du-Promontoire-photos-ambiance-hors-secteur-\u00a9Arthur-Delicque-collection-FFCAM-26-scaled.jpg\" alt=\"\">\n                            <span class=\"GutPeleMele-tile--title\"><\/span>\n                                                    <\/div>\n                                                                                                 <div class=\"GutPeleMele-tile\">\n                                                    <img decoding=\"async\" class=\"GutPeleMele-tile--image\" src=\"https:\/\/www.hautesvallees.com\/content\/uploads\/sites\/2\/2026\/03\/traversee-Casse-deserte-crampons-hiver-\u00a9Arthur-Delicque-collection-FFCAM-2-1-scaled.jpg\" alt=\"\">\n                            <span class=\"GutPeleMele-tile--title\"><\/span>\n                                                    <\/div>\n                                                                                                 <div class=\"GutPeleMele-tile\">\n                                                    <img decoding=\"async\" class=\"GutPeleMele-tile--image\" src=\"https:\/\/www.hautesvallees.com\/content\/uploads\/sites\/2\/2026\/03\/Ambiance-terrasse-Adele-Planchard-hiver-\u00a9Arthur-Delicque-collection-FFCAM-3-scaled.jpg\" alt=\"\">\n                            <span class=\"GutPeleMele-tile--title\"><\/span>\n                                                    <\/div>\n                                                                                                 <div class=\"GutPeleMele-tile\">\n                                                    <img decoding=\"async\" class=\"GutPeleMele-tile--image\" src=\"https:\/\/www.hautesvallees.com\/content\/uploads\/sites\/2\/2026\/03\/Traversee-du-Promontoire-au-Pave-par-le-col-du-Pave-La-Meije-face-sud-ski-de-rando-printemps-\u00a9Arthur-Delicque-collection-FFCAM-26-scaled.jpg\" alt=\"\">\n                            <span class=\"GutPeleMele-tile--title\"><\/span>\n                                                    <\/div>\n                                                                                                 <div class=\"GutPeleMele-tile\">\n                                                    <img decoding=\"async\" class=\"GutPeleMele-tile--image\" src=\"https:\/\/www.hautesvallees.com\/content\/uploads\/sites\/2\/2026\/03\/Traversee-du-Promontoire-au-Pave-par-le-col-du-Pave-La-Meije-face-sud-ski-de-rando-printemps-\u00a9Arthur-Delicque-collection-FFCAM-31-scaled.jpg\" alt=\"\">\n                            <span class=\"GutPeleMele-tile--title\"><\/span>\n                                                    <\/div>\n                                                                                                 <div class=\"GutPeleMele-tile\">\n                                                    <img decoding=\"async\" class=\"GutPeleMele-tile--image\" src=\"https:\/\/www.hautesvallees.com\/content\/uploads\/sites\/2\/2026\/03\/Traversee-du-Promontoire-au-Pave-par-le-col-du-Pave-La-Meije-face-sud-ski-de-rando-printemps-\u00a9Arthur-Delicque-collection-FFCAM-1-20-scaled.jpg\" alt=\"\">\n                            <span class=\"GutPeleMele-tile--title\"><\/span>\n                                                    <\/div>\n                                                            <\/div>\n                    <\/div>\n\n    <\/div>\n","protected":false},"excerpt":{"rendered":"","protected":false},"author":7,"featured_media":5611,"parent":956,"menu_order":3,"comment_status":"closed","ping_status":"closed","template":"","meta":{"_acf_changed":false,"footnotes":""},"class_list":["post-5383","page","type-page","status-publish","has-post-thumbnail","hentry"],"acf":[],"_links":{"self":[{"href":"https:\/\/www.hautesvallees.com\/la-grave\/wp-json\/wp\/v2\/pages\/5383","targetHints":{"allow":["GET"]}}],"collection":[{"href":"https:\/\/www.hautesvallees.com\/la-grave\/wp-json\/wp\/v2\/pages"}],"about":[{"href":"https:\/\/www.hautesvallees.com\/la-grave\/wp-json\/wp\/v2\/types\/page"}],"author":[{"embeddable":true,"href":"https:\/\/www.hautesvallees.com\/la-grave\/wp-json\/wp\/v2\/users\/7"}],"replies":[{"embeddable":true,"href":"https:\/\/www.hautesvallees.com\/la-grave\/wp-json\/wp\/v2\/comments?post=5383"}],"version-history":[{"count":20,"href":"https:\/\/www.hautesvallees.com\/la-grave\/wp-json\/wp\/v2\/pages\/5383\/revisions"}],"predecessor-version":[{"id":44187,"href":"https:\/\/www.hautesvallees.com\/la-grave\/wp-json\/wp\/v2\/pages\/5383\/revisions\/44187"}],"up":[{"embeddable":true,"href":"https:\/\/www.hautesvallees.com\/la-grave\/wp-json\/wp\/v2\/pages\/956"}],"wp:featuredmedia":[{"embeddable":true,"href":"https:\/\/www.hautesvallees.com\/la-grave\/wp-json\/wp\/v2\/media\/5611"}],"wp:attachment":[{"href":"https:\/\/www.hautesvallees.com\/la-grave\/wp-json\/wp\/v2\/media?parent=5383"}],"curies":[{"name":"wp","href":"https:\/\/api.w.org\/{rel}","templated":true}]}}