{"id":62014,"date":"2026-08-18T14:30:41","date_gmt":"2026-08-18T12:30:41","guid":{"rendered":"https:\/\/www.hautesvallees.com\/la-claree\/pois\/sejour-la-claree-vue-den-ho-le-chalet-den-ho-nevache\/"},"modified":"2026-08-19T03:10:14","modified_gmt":"2026-08-19T01:10:14","slug":"sejour-la-claree-vue-den-ho-le-chalet-den-ho-nevache","status":"publish","type":"pois","link":"https:\/\/www.hautesvallees.com\/la-claree\/sejour-package\/sejour-la-claree-vue-den-ho-le-chalet-den-ho-nevache\/","title":{"rendered":"S\u00e9jour La Clar\u00e9e vue d&rsquo;en H\u00f4 &#8211;  Le Chalet d&rsquo;en H\u00f4"},"template":"","typeobjet":[9],"class_list":["post-62014","pois","type-pois","status-publish","hentry","typeobjet-sejour-package"],"acf":[],"_links":{"self":[{"href":"https:\/\/www.hautesvallees.com\/la-claree\/wp-json\/wp\/v2\/pois\/62014","targetHints":{"allow":["GET"]}}],"collection":[{"href":"https:\/\/www.hautesvallees.com\/la-claree\/wp-json\/wp\/v2\/pois"}],"about":[{"href":"https:\/\/www.hautesvallees.com\/la-claree\/wp-json\/wp\/v2\/types\/pois"}],"wp:attachment":[{"href":"https:\/\/www.hautesvallees.com\/la-claree\/wp-json\/wp\/v2\/media?parent=62014"}],"wp:term":[{"taxonomy":"typeobjet","embeddable":true,"href":"https:\/\/www.hautesvallees.com\/la-claree\/wp-json\/wp\/v2\/typeobjet?post=62014"}],"curies":[{"name":"wp","href":"https:\/\/api.w.org\/{rel}","templated":true}]}}

Séjour La Clarée vue d&rsquo;en Hô &#8211;  Le Chalet d&rsquo;en Hô
