{"id":22784,"date":"2025-11-27T17:07:19","date_gmt":"2025-11-27T16:07:19","guid":{"rendered":"https:\/\/www.hautesvallees.com\/la-claree\/pois\/sejour-decouverte-de-la-montagne-a-nevache-lechaillon-nevache\/"},"modified":"2025-11-28T13:50:23","modified_gmt":"2025-11-28T12:50:23","slug":"sejour-decouverte-de-la-montagne-a-nevache-lechaillon-nevache","status":"publish","type":"pois","link":"https:\/\/www.hautesvallees.com\/la-claree\/sejour-package\/sejour-decouverte-de-la-montagne-a-nevache-lechaillon-nevache\/","title":{"rendered":"S\u00e9jour D\u00e9couverte de la Montagne \u00e0 N\u00e9vache &#8211; L&rsquo;\u00c9chaillon"},"template":"","typeobjet":[9],"class_list":["post-22784","pois","type-pois","status-publish","hentry","typeobjet-sejour-package"],"acf":[],"_links":{"self":[{"href":"https:\/\/www.hautesvallees.com\/la-claree\/wp-json\/wp\/v2\/pois\/22784","targetHints":{"allow":["GET"]}}],"collection":[{"href":"https:\/\/www.hautesvallees.com\/la-claree\/wp-json\/wp\/v2\/pois"}],"about":[{"href":"https:\/\/www.hautesvallees.com\/la-claree\/wp-json\/wp\/v2\/types\/pois"}],"wp:attachment":[{"href":"https:\/\/www.hautesvallees.com\/la-claree\/wp-json\/wp\/v2\/media?parent=22784"}],"wp:term":[{"taxonomy":"typeobjet","embeddable":true,"href":"https:\/\/www.hautesvallees.com\/la-claree\/wp-json\/wp\/v2\/typeobjet?post=22784"}],"curies":[{"name":"wp","href":"https:\/\/api.w.org\/{rel}","templated":true}]}}

Séjour Découverte de la Montagne à Névache &#8211; L&rsquo;Échaillon
