{"id":15051,"date":"2026-03-28T02:12:01","date_gmt":"2025-09-16T13:26:03","guid":{"rendered":"https:\/\/www.hautesvallees.com\/la-claree\/pois\/ski-de-randonnee-confirme-en-claree-chalet-den-ho-nevache\/"},"modified":"2026-03-29T03:10:16","modified_gmt":"2026-03-29T01:10:16","slug":"ski-de-randonnee-confirme-en-claree-chalet-den-ho-nevache","status":"publish","type":"pois","link":"https:\/\/www.hautesvallees.com\/la-claree\/sejour-package\/ski-de-randonnee-confirme-en-claree-chalet-den-ho-nevache\/","title":{"rendered":"Ski de randonn\u00e9e confirm\u00e9 en Clar\u00e9e &#8211; Chalet d&rsquo;en H\u00f4"},"template":"","typeobjet":[9],"class_list":["post-15051","pois","type-pois","status-publish","hentry","typeobjet-sejour-package"],"acf":[],"_links":{"self":[{"href":"https:\/\/www.hautesvallees.com\/la-claree\/wp-json\/wp\/v2\/pois\/15051","targetHints":{"allow":["GET"]}}],"collection":[{"href":"https:\/\/www.hautesvallees.com\/la-claree\/wp-json\/wp\/v2\/pois"}],"about":[{"href":"https:\/\/www.hautesvallees.com\/la-claree\/wp-json\/wp\/v2\/types\/pois"}],"wp:attachment":[{"href":"https:\/\/www.hautesvallees.com\/la-claree\/wp-json\/wp\/v2\/media?parent=15051"}],"wp:term":[{"taxonomy":"typeobjet","embeddable":true,"href":"https:\/\/www.hautesvallees.com\/la-claree\/wp-json\/wp\/v2\/typeobjet?post=15051"}],"curies":[{"name":"wp","href":"https:\/\/api.w.org\/{rel}","templated":true}]}}

Ski de randonnée confirmé en Clarée &#8211; Chalet d&rsquo;en Hô
