{"id":909,"date":"2024-05-15T10:14:18","date_gmt":"2024-05-15T08:14:18","guid":{"rendered":"https:\/\/www.hautesvallees.com\/la-claree\/?page_id=909"},"modified":"2025-03-20T15:09:52","modified_gmt":"2025-03-20T14:09:52","slug":"itinerance-autour-du-mont-thabor","status":"publish","type":"page","link":"https:\/\/www.hautesvallees.com\/la-claree\/que-faire\/en-ete\/itinerances-en-claree\/itinerance-autour-du-mont-thabor\/","title":{"rendered":"Itin\u00e9rance mont Thabor"},"content":{"rendered":"<div class=\"GutText  GutContainer\">\n        <div class=\"GutText-inner\">\n            <div class=\"GutTitle Center\">\n                    <h2 class=\"GutTitle-title\">\n                                    <span class=\"GutTitle-surtitle\">Itin\u00e9rance mont Thabor<\/span>\n                                                        en terrain lunaire\n                            <\/h2>\n                    <\/div>\n                            <div class=\"GutText-intro Center\">Pr\u00eats \u00e0 vous lancer \u00e0 la conqu\u00eate du tour du Mont Thabor et peut-\u00eatre m\u00eame de son ascension ? <\/div>\n                                        <div class=\"GutText-wysiwyg Content\">\n                    <p style=\"text-align: center;\">Au d\u00e9part de <strong>N\u00e9vache<\/strong>, en <strong>6 \u00e9tapes<\/strong> vous allez parcourir les plus beaux sentiers des Hautes-Alpes avec en prime <strong>l&rsquo;ascension du Mont Thabor<\/strong>, un sommet \u00e0 <strong>3000 m<\/strong> entre N\u00e9vache et la Vall\u00e9e \u00c9troite facile d&rsquo;acc\u00e8s.<\/p>\n<p style=\"text-align: center;\">Propositions de parcours et r\u00e9servations sur<\/p>\n<p>&nbsp;<\/p>\n<p style=\"text-align: center;\"><a class=\"Button-primary\" href=\"https:\/\/www.refugesclareethabor.com\/fr\/il4-accueil.aspx\" target=\"_blank\" rel=\"noopener noreferrer\">www.refugesclareethabor.com<\/a><\/p>\n\n                <\/div>\n                    <\/div>\n    <\/div>\n\n\n<div class=\"GutCol2 BgColor GutContainer\">\n        <div class=\"GutCol2-container\">\n\n            <div class=\"GutTitle Center\">\n                    <h2 class=\"GutTitle-title\">\n                                                        Etape 1\n                            <\/h2>\n                    <\/div>\n\n                                                                                                        <div class=\"GutCol2-wrap GutCol2-blocTexte Left\">\n                                <div class=\"GutCol2-blocTexte--inner\">\n                                                                            <div class=\"GutTitle Left\">\n                    <h2 class=\"GutTitle-title\">\n                                    <span class=\"GutTitle-surtitle\">De N\u00e9vache<\/span>\n                                                        au refuge de Buff\u00e8re\n                            <\/h2>\n                    <\/div>\n                                                                                                                                                    <div class=\"GutCol2-text Content\">\n                                            <p>Au d\u00e9part de N\u00e9vache, vous commencerez par le refuge de Buff\u00e8re.<\/p>\n<p>Pour acc\u00e9der au d\u00e9part du sentier, traversez le hameau de Ville-Haute, et bifurquez \u00e0 droite juste apr\u00e8s l&rsquo;\u00e9glise Saint-Marcellin.<\/p>\n<p>Vous longerez ensuite la Clar\u00e9e pendant 2 kilom\u00e8tres avant de d\u00e9buter l&rsquo;ascension en direction du refuge, entre for\u00eats de m\u00e9l\u00e8zse et alpages verdoyants.<\/p>\n<p><em><strong>Altitude d\u00e9part\u00a0<\/strong>: 1600 m &#8211; Altitude arriv\u00e9e : 2076 m (+ 476m)<br \/>\n<strong>Temps de marche :<\/strong>\u00a01H30<\/em><\/p>\n<p><em><strong>Bonus :\u00a0<\/strong>Partez \u00e0 la conqu\u00eate du col de Buff\u00e8re (2427 m) pour un joli panorama sur le Brian\u00e7onnais et sur le massif des Ecrins.<br \/>\n<strong>Variante :<\/strong>\u00a0Au d\u00e9part de N\u00e9vache, partez \u00e0 la d\u00e9couverte du lac de Cristol avant de rejoindre le refuge de Buff\u00e8re par C\u00f4te Rouge (4h).<\/em><\/p>\n\n                                        <\/div>\n                                                                    <\/div>\n                            <\/div>\n                                                                                                                                                        <div class=\"GutCol2-wrap GutCol2-blocImage Right\">\n                                    <picture class=\"GutCol2-picture\">\n                                        <img decoding=\"async\" src=\"https:\/\/www.hautesvallees.com\/content\/uploads\/sites\/3\/2025\/02\/Refuge-Buffere-\u00a9-Aude-Francou.webp\"\n                                             alt=\"Itin\u00e9rance Mont Thabor - Refuge-Buffere-\u00a9-Aude-Francou\" \/>\n                                    <\/picture>\n                                                                            <span class=\"GutCol2-credit\">\u00a9 Francou A.<\/span>\n                                                                    <\/div>\n                                                                                            <\/div>\n    <\/div>\n\n\n<div class=\"GutCol2  GutContainer\">\n        <div class=\"GutCol2-container\">\n\n            <div class=\"GutTitle Center\">\n                    <h2 class=\"GutTitle-title\">\n                                                        Etape 2\n                            <\/h2>\n                    <\/div>\n\n                                                                                                                                        <div class=\"GutCol2-wrap GutCol2-blocImage Left\">\n                                    <picture class=\"GutCol2-picture\">\n                                        <img decoding=\"async\" src=\"https:\/\/www.hautesvallees.com\/content\/uploads\/sites\/3\/2025\/01\/Refuge-du-Chardonnet-\u00a9TBlais-scaled-1-664x480.jpg\"\n                                             alt=\"Itin\u00e9rances dans les Hautes Vall\u00e9es - Itin\u00e9rance Mont Thabor - Refuge du Chardonnet \u00a9T.Blais\" \/>\n                                    <\/picture>\n                                                                            <span class=\"GutCol2-credit\">\u00a9 Blais T.<\/span>\n                                                                    <\/div>\n                                                                                                                                                    <div class=\"GutCol2-wrap GutCol2-blocTexte Right\">\n                                <div class=\"GutCol2-blocTexte--inner\">\n                                                                            <div class=\"GutTitle Left\">\n                    <h2 class=\"GutTitle-title\">\n                                    <span class=\"GutTitle-surtitle\">Du refuge de Buff\u00e8re<\/span>\n                                                        au refuge du Chardonnet\n                            <\/h2>\n                    <\/div>\n                                                                                                                                                    <div class=\"GutCol2-text Content\">\n                                            <p class=\"text-justify\">Le deuxi\u00e8me jour, vous redescendez pour rejoindre la rivi\u00e8re.<\/p>\n<p class=\"text-justify\">Apr\u00e8s un sentier agr\u00e9able le long de la Clar\u00e9e et de la majestueuse cascade de Fontcouverte (1857 m d&rsquo;altitude), vous commencez la douce ascension jusqu\u2019au refuge du Chardonnet (2227 m\u00a0d&rsquo;altitude).<\/p>\n<p><em><strong>Altitude d\u00e9part :\u00a0<\/strong>2076 &#8211; Altitude arriv\u00e9e : 2330 (+ 400 m \/ &#8211; 250 m)<br \/>\n<strong>Temps de marche :<\/strong>\u00a02H30<\/em><\/p>\n<p><strong>Bonus :\u00a0<\/strong><em>Partez \u00e0 l&rsquo;assaut du col du Chardonnet (2638 m) pour un panorama toujours plus beau avec en contrebas l&rsquo;Aiguillette du Lauzet et en toile de fond le massif des Ecrins et ses glaciers.<\/em><br \/>\n<strong><em>Variante :\u00a0<\/em><\/strong><em>Passez par le col de Buff\u00e8re et \u00ab\u00a0la sente\u00a0des grimpeurs\u00a0\u00bb pour rejoindre le col de Rochenoire et redescendre sur le refuge du Chardonnet (3H45)<\/em><\/p>\n\n                                        <\/div>\n                                                                    <\/div>\n                            <\/div>\n                                                                <\/div>\n    <\/div>\n\n\n<div class=\"GutImage BgColor GutContainer-full\">\n        <div class=\"GutImage-container\">\n            <div class=\"GutTitle Center\">\n                    <h2 class=\"GutTitle-title\">\n                                    <span class=\"GutTitle-surtitle\">Etape 3<\/span>\n                                                        du refuge du Chardonnet au refuge de Ricou\n                            <\/h2>\n                    <\/div>\n            \n                            <picture class=\"GutImage-pic\">\n                    <source srcset=\"https:\/\/www.hautesvallees.com\/content\/uploads\/sites\/3\/2025\/02\/Chalets-ricou-\u00a9T.Blais-1-scaled-1-768x360.jpg\" media=\"(max-width: 768px)\">\n                    <source srcset=\"https:\/\/www.hautesvallees.com\/content\/uploads\/sites\/3\/2025\/02\/Chalets-ricou-\u00a9T.Blais-1-scaled-1-992x465.jpg\" media=\"(max-width: 992px)\">\n                    <source srcset=\"https:\/\/www.hautesvallees.com\/content\/uploads\/sites\/3\/2025\/02\/Chalets-ricou-\u00a9T.Blais-1-scaled-1-1920x900.jpg\" media=\"(min-width: 993px)\">\n                    <img decoding=\"async\" class=\"GutImage-img\" src=\"https:\/\/www.hautesvallees.com\/content\/uploads\/sites\/3\/2025\/02\/Chalets-ricou-\u00a9T.Blais-1-scaled-1-1920x900.jpg\" alt=\"itin\u00e9rnce Mont Thabor - Chalets ricou \u00a9T.Blais (1)\" \/>\n                <\/picture>\n                                        <div class=\"GutImage-creditphoto\">\n                    Blais T.\n                <\/div>\n                    <\/div>\n    <\/div>\n\n\n<div class=\"GutText BgColor GutContainer-full\">\n        <div class=\"GutText-inner\">\n                                                    <div class=\"GutText-wysiwyg Content\">\n                    <p style=\"text-align: center;\">Le lendemain, redescendez jusqu&rsquo;\u00e0 Fontcouverte par le Queyrellin, et remontez tranquillement jusqu\u2019aux lacs Laramon (2359 m) et du Serpent (2448 m) pour admirer la vue sur le massif des \u00c9crins pour enfin rejoindre le refuge de Ricou (2115 m).<\/p>\n<p style=\"text-align: center;\">Cette \u00e9tape vous permettra de contempler les plus beaux lacs des Hautes-Alpes.<\/p>\n<p style=\"text-align: center;\"><em><strong>Altitude d\u00e9part :<\/strong>\u00a02230 m &#8211; Altitude arriv\u00e9e : 2115 (+ 250 m \/ &#8211; 350 m)<br \/>\n<strong>Temps de marche :<\/strong>\u00a02h\u00a0<\/em><\/p>\n<p style=\"text-align: center;\"><em><strong>Bonus :\u00a0<\/strong>Depuis le lac du Serpent, montez jusqu&rsquo;au Pic du lac Blanc (2980 m) pour un premier sommet autour des 3000 m de d\u00e9nivel\u00e9s.<\/em><\/p>\n\n                <\/div>\n                    <\/div>\n    <\/div>\n\n\n<div class=\"GutCol2  GutContainer\">\n        <div class=\"GutCol2-container\">\n\n            <div class=\"GutTitle Center\">\n                    <h2 class=\"GutTitle-title\">\n                                                        Etape 4\n                            <\/h2>\n                    <\/div>\n\n                                                                                                        <div class=\"GutCol2-wrap GutCol2-blocTexte Left\">\n                                <div class=\"GutCol2-blocTexte--inner\">\n                                                                            <div class=\"GutTitle Left\">\n                    <h2 class=\"GutTitle-title\">\n                                    <span class=\"GutTitle-surtitle\">Du refuge de Ricou<\/span>\n                                                        au refuge de Laval ou des Dray\u00e8res\n                            <\/h2>\n                    <\/div>\n                                                                                                                                                    <div class=\"GutCol2-text Content\">\n                                            <p class=\"text-justify\">La prochaine \u00e9tape\u00a0vous permet de traverser par le chemin de Ronde au d\u00e9part du refuge de Ricou, pour atteindre le fond de la vall\u00e9e de la Clar\u00e9e (Laval).<\/p>\n<p class=\"text-justify\">Des petites variantes, vous feront d\u00e9couvrir les lacs du fond de la vall\u00e9e (la Cula, lacs long et rond des Muandes, lac des B\u00e9raudes et le lac de la Clar\u00e9e) avant d&rsquo;atteindre l&rsquo;un des deux refuges du fond de la vall\u00e9e de la Clar\u00e9e :<\/p>\n<p class=\"text-justify\">le refuge de Laval et le refuge des Dray\u00e8res.<\/p>\n<p class=\"text-justify\"><em><strong>Altitude d\u00e9part :\u00a0<\/strong>2115 m &#8211; Altitude arriv\u00e9e : 2180 m (+ 450 m \/ &#8211; 350 m)<br \/>\n<strong>Temps de marche :<\/strong>\u00a03H45<\/em><\/p>\n\n                                        <\/div>\n                                                                    <\/div>\n                            <\/div>\n                                                                                                                                                        <div class=\"GutCol2-wrap GutCol2-blocImage Right\">\n                                    <picture class=\"GutCol2-picture\">\n                                        <img decoding=\"async\" src=\"https:\/\/www.hautesvallees.com\/content\/uploads\/sites\/3\/2025\/02\/Le-ruisseau-du-Raisin-\u00a9-Thibaut-Blais-scaled-1-664x480.jpg\"\n                                             alt=\"Itin\u00e9rances Mont Thabor - Itin\u00e9rance en famille - Le ruisseau du Raisin \u00a9 Thibaut Blais\" \/>\n                                    <\/picture>\n                                                                            <span class=\"GutCol2-credit\">\u00a9 Blais T.<\/span>\n                                                                    <\/div>\n                                                                                            <\/div>\n    <\/div>\n\n\n<div class=\"GutCol2 BgColor GutContainer-full\">\n        <div class=\"GutCol2-container\">\n\n            <div class=\"GutTitle Center\">\n                    <h2 class=\"GutTitle-title\">\n                                    <span class=\"GutTitle-surtitle\">Etape 5<\/span>\n                                                        Du refuge de Laval\/des dray\u00e8res\n                            <\/h2>\n                    <\/div>\n\n                                                                                                                                                                                                                                <div class=\"GutCol2-wrap GutCol2-blocTexte Right\">\n                                <div class=\"GutCol2-blocTexte--inner\">\n                                                                            <div class=\"GutTitle Left\">\n                    <h2 class=\"GutTitle-title\">\n                                    <span class=\"GutTitle-surtitle\">au refuge du thabor\/<\/span>\n                                                        aux Granges de la Vall\u00e9e Etroite\n                            <\/h2>\n                    <\/div>\n                                                                                                                                                    <div class=\"GutCol2-text Content\">\n                                            <p class=\"text-justify\">L&rsquo;\u00e9tape suivante est la plus longue, et vous am\u00e8ne au sommet du Mont Thabor \u00e0 3178 m.<\/p>\n<p class=\"text-justify\">Au sommet, deux possibilit\u00e9s s&rsquo;offrent \u00e0 vous : Soit, continuer pour atteindre le refuge du Thabor, soit redescendre dans la vall\u00e9e \u00c9troite pour rejoindre les refuges I Re Magi ou Terzo Alpini, et d\u00e9couvrir cette vall\u00e9e franco-italienne remplie de charme.<\/p>\n<p class=\"text-justify\">Pensez \u00e0 faire le petit d\u00e9tour (10 minutes) pour aller d\u00e9couvrir le lac vert, juste avant d&rsquo;arriver aux Granges de la vall\u00e9e \u00c9troite.<\/p>\n<p class=\"text-justify\"><em><strong>Altitude d\u00e9part :<\/strong>\u00a02030 m &#8211; Altitude arriv\u00e9e (Vall\u00e9e Etroite) : 1780 m<br \/>\n<strong>Temps de marche :\u00a0<\/strong>7H30\u00a0<\/em><\/p>\n\n                                        <\/div>\n                                                                    <\/div>\n                            <\/div>\n                                                                <\/div>\n    <\/div>\n\n\n<div class=\"GutImage  GutContainer\">\n        <div class=\"GutImage-container\">\n            <div class=\"GutTitle Center\">\n                    <h2 class=\"GutTitle-title\">\n                                    <span class=\"GutTitle-surtitle\">Etape 6<\/span>\n                                                        du refuge I Re Magi\/Terzo Alpini jusqu&#039;\u00e0 N\u00e9vache\n                            <\/h2>\n                    <\/div>\n            \n                            <picture class=\"GutImage-pic\">\n                    <source srcset=\"https:\/\/www.hautesvallees.com\/content\/uploads\/sites\/3\/2025\/02\/Randonnee-lac-vert-vallee-etroite-BALACE-Amandine-4-1-scaled-1-768x433.jpg\" media=\"(max-width: 768px)\">\n                    <source srcset=\"https:\/\/www.hautesvallees.com\/content\/uploads\/sites\/3\/2025\/02\/Randonnee-lac-vert-vallee-etroite-BALACE-Amandine-4-1-scaled-1-992x559.jpg\" media=\"(max-width: 992px)\">\n                    <source srcset=\"https:\/\/www.hautesvallees.com\/content\/uploads\/sites\/3\/2025\/02\/Randonnee-lac-vert-vallee-etroite-BALACE-Amandine-4-1-scaled-1-1348x760.jpg\" media=\"(min-width: 993px)\">\n                    <img decoding=\"async\" class=\"GutImage-img\" src=\"https:\/\/www.hautesvallees.com\/content\/uploads\/sites\/3\/2025\/02\/Randonnee-lac-vert-vallee-etroite-BALACE-Amandine-4-1-scaled-1-1348x760.jpg\" alt=\"Randonn\u00e9e lac vert vall\u00e9e \u00e9troite - BALAC\u00c9 Amandine\" \/>\n                <\/picture>\n                                        <div class=\"GutImage-creditphoto\">\n                    Balac\u00e9 A.\n                <\/div>\n                    <\/div>\n    <\/div>\n\n\n<div class=\"GutText  GutContainer\">\n        <div class=\"GutText-inner\">\n                                                    <div class=\"GutText-wysiwyg Content\">\n                    <p class=\"text-justify\" style=\"text-align: center;\">Cette derni\u00e8re journ\u00e9e vous permet de rejoindre N\u00e9vache et finaliser votre itin\u00e9rance, en passant par le plateau des Th\u00fbres et le lac Chavillon (2194 m), pour un d\u00e9paysement garanti sur ce grand plateau qui s\u00e9pare les deux principales vall\u00e9es : la Clar\u00e9e et la vall\u00e9e \u00c9troite.<\/p>\n<p class=\"text-justify\" style=\"text-align: center;\"><em><strong>Altitude d\u00e9part :<\/strong>\u00a01780 m &#8211; Altitude arriv\u00e9e : 1600 m (+ 350 m \/ &#8211; 500m)<br \/>\n<strong>Temps de marche :<\/strong>\u00a05h<\/em><\/p>\n<p class=\"text-justify\" style=\"text-align: center;\"><strong><em>Bonus :\u00a0<\/em><\/strong><em>pr\u00eat pour un dernier sommet ? Optez pour l&rsquo;Aiguille Rouge depuis le plateau des Th\u00fbres (alt. 2548 m).<\/em><\/p>\n\n                <\/div>\n                    <\/div>\n    <\/div>\n\n\n<div class=\"GutPushArticles BgColor GutContainer\">\n        <div class=\"GutPushArticles-container\">\n            <div class=\"GutTitle Center\">\n                    <h2 class=\"GutTitle-title\">\n                                    <span class=\"GutTitle-surtitle\">Vous aimerez<\/span>\n                                                        aussi\n                            <\/h2>\n                    <\/div>\n            <div class=\"GutPushArticles-inner \">\n                                    <div class=\"GutPushArticles-container \" >\n                        <div class=\"GutPushArticles-list \">\n                                                            <div class=\"GutPushArticles-wrap \">\n                                                                            <picture class=\"GutPushArticles-picture\">\n                                            <img decoding=\"async\" src=\"https:\/\/www.hautesvallees.com\/content\/uploads\/sites\/3\/2025\/02\/Le-sentier-des-crevasses-arsine-en-famille-56-scaled-1-371x248.jpg\"\n                                                 alt=\"Le sentier des crevasses &amp; arsine en famille T. Blais\" \/>\n                                        <\/picture>\n                                                                        <div class=\"GutPushArticles-content\">\n                                                                                    <h2 class=\"GutPushArticles-title\">Itin\u00e9rance en famille en Clar\u00e9e<\/h2>\n                                                                                                                                                                    <a class=\"Link\" href=\"https:\/\/www.hautesvallees.com\/la-claree\/que-faire\/en-ete\/itinerances-en-claree\/itinerance-en-famille\/\">Planifier<\/a>\n                                                                            <\/div>\n                                <\/div>\n                                                            <div class=\"GutPushArticles-wrap \">\n                                                                        <div class=\"GutPushArticles-content\">\n                                                                                    <h2 class=\"GutPushArticles-title\">Les itin\u00e9rances dans les Hautes Vall\u00e9es<\/h2>\n                                                                                                                                                                    <a class=\"Link\" href=\"https:\/\/www.hautesvallees.com\/la-claree\/que-faire\/en-ete\/itinerances-en-claree\/les-itinerances-dans-les-hautes-vallees\/\">D\u00e9couvrir<\/a>\n                                                                            <\/div>\n                                <\/div>\n                                                            <div class=\"GutPushArticles-wrap \">\n                                                                            <picture class=\"GutPushArticles-picture\">\n                                            <img decoding=\"async\" src=\"https:\/\/www.hautesvallees.com\/content\/uploads\/sites\/3\/2025\/02\/Claree-les-lacs-rond-long-muande-madeleine-_-Alpesphotographies.com_-371x248.jpg\"\n                                                 alt=\"Vacances d&#039;\u00e9t\u00e9 en famille - Clar\u00e9e - les lacs rond, long, muande, madeleine _ Alpesphotographies.com\" \/>\n                                        <\/picture>\n                                                                        <div class=\"GutPushArticles-content\">\n                                                                                    <h2 class=\"GutPushArticles-title\">Itin\u00e9rance z\u00e9ro carbone en Clar\u00e9e<\/h2>\n                                                                                                                                                                    <a class=\"Link\" href=\"https:\/\/www.hautesvallees.com\/la-claree\/que-faire\/en-ete\/itinerances-en-claree\/itinerance-zero-carbone\/\">Planifier<\/a>\n                                                                            <\/div>\n                                <\/div>\n                                                    <\/div>\n                                            <\/div>\n                                                <\/div>\n                    <\/div>\n    <\/div>\n","protected":false},"excerpt":{"rendered":"","protected":false},"author":5,"featured_media":2490,"parent":908,"menu_order":0,"comment_status":"closed","ping_status":"closed","template":"","meta":{"_acf_changed":false,"footnotes":""},"class_list":["post-909","page","type-page","status-publish","has-post-thumbnail","hentry"],"acf":[],"_links":{"self":[{"href":"https:\/\/www.hautesvallees.com\/la-claree\/wp-json\/wp\/v2\/pages\/909","targetHints":{"allow":["GET"]}}],"collection":[{"href":"https:\/\/www.hautesvallees.com\/la-claree\/wp-json\/wp\/v2\/pages"}],"about":[{"href":"https:\/\/www.hautesvallees.com\/la-claree\/wp-json\/wp\/v2\/types\/page"}],"author":[{"embeddable":true,"href":"https:\/\/www.hautesvallees.com\/la-claree\/wp-json\/wp\/v2\/users\/5"}],"replies":[{"embeddable":true,"href":"https:\/\/www.hautesvallees.com\/la-claree\/wp-json\/wp\/v2\/comments?post=909"}],"version-history":[{"count":3,"href":"https:\/\/www.hautesvallees.com\/la-claree\/wp-json\/wp\/v2\/pages\/909\/revisions"}],"predecessor-version":[{"id":5328,"href":"https:\/\/www.hautesvallees.com\/la-claree\/wp-json\/wp\/v2\/pages\/909\/revisions\/5328"}],"up":[{"embeddable":true,"href":"https:\/\/www.hautesvallees.com\/la-claree\/wp-json\/wp\/v2\/pages\/908"}],"wp:featuredmedia":[{"embeddable":true,"href":"https:\/\/www.hautesvallees.com\/la-claree\/wp-json\/wp\/v2\/media\/2490"}],"wp:attachment":[{"href":"https:\/\/www.hautesvallees.com\/la-claree\/wp-json\/wp\/v2\/media?parent=909"}],"curies":[{"name":"wp","href":"https:\/\/api.w.org\/{rel}","templated":true}]}}