{"id":813,"date":"2024-03-19T10:37:52","date_gmt":"2024-03-19T09:37:52","guid":{"rendered":"https:\/\/www.hautesvallees.com\/la-claree\/?page_id=813"},"modified":"2025-10-10T12:10:43","modified_gmt":"2025-10-10T10:10:43","slug":"location-de-materiel","status":"publish","type":"page","link":"https:\/\/www.hautesvallees.com\/la-claree\/sur-place\/commerces-et-services\/location-de-materiel\/","title":{"rendered":"Location de mat\u00e9riel en Clar\u00e9e"},"content":{"rendered":"<div class=\"GutText  GutContainer\">\n        <div class=\"GutText-inner\">\n                                        <div class=\"GutText-intro Center\">Besoin de louer votre mat\u00e9riel de ski ou de vtt ? <\/div>\n                                        <div class=\"GutText-wysiwyg Content\">\n                    <p style=\"text-align: center;\">Les magasins de sport de la vall\u00e9e de la Clar\u00e9e sont \u00e0 votre disposition pour la location de mat\u00e9riel : ski de fond, ski de randonn\u00e9e, ski alpin, raquettes \u00e0 neige, mat\u00e9riel de s\u00e9curit\u00e9 (DVA, pelle et sonde) ou encore VTT&#8230;<\/p>\n\n                <\/div>\n                    <\/div>\n    <\/div>\n\n\n\n<div class=\"ApiListing __altimax_listing \" data-js=\"{&quot;action_load&quot;:&quot;apidae_listing_load&quot;,&quot;action_map_tiles&quot;:&quot;apidae_listing_load_map_tiles&quot;,&quot;action_filters&quot;:&quot;apidae_listing_filters&quot;,&quot;action_pdf&quot;:&quot;apidae_listing_pdf&quot;,&quot;post_id&quot;:813,&quot;blog_id&quot;:3,&quot;uid&quot;:1,&quot;cache_key&quot;:&quot;9ca3702241daa06c5ef0089376c0d1c4&quot;,&quot;is_agenda&quot;:false,&quot;listing_mode&quot;:&quot;listing&quot;,&quot;use_filters&quot;:false,&quot;use_share&quot;:false,&quot;paginator&quot;:{&quot;currentPage&quot;:1,&quot;maxPerPage&quot;:9,&quot;count&quot;:4,&quot;totalPages&quot;:1,&quot;nextPage&quot;:1,&quot;html&quot;:&quot;    &lt;li class=\\&quot;Paginator-page __altimax_listing_load active\\&quot;\\n        data-index=\\&quot;1\\&quot; &gt;\\n        &lt;span&gt;1&lt;\\\/span&gt;\\n    &lt;\\\/li&gt;\\n&quot;},&quot;ajax_url&quot;:&quot;https:\\\/\\\/www.hautesvallees.com\\\/\\\/la-claree\\\/wp-admin\\\/admin-ajax.php&quot;,&quot;lang&quot;:&quot;fr&quot;}\">\n    <div class=\"ApiListingLoader __altimax_loader\">\n        <div class=\"ApiListingLoader-container\">\n            <div class=\"ApiListingLoader-ring\"><\/div>\n        <\/div>\n    <\/div>\n        \n        \n        \n                                <div class=\"ApiListing-container\">\n        <div class=\"ApiListing-control container_full \">\n                                                    <button class=\"ApiListing-pdf desktop Button-border __altimax_listing_pdf\">T\u00e9l\u00e9charger<\/button>\n                                                                <div class=\"ApiListing-result\">\n                <div class=\"ApiListing-result--number __altimax_listing_count\">4<\/div>\n                R\u00e9sultats\n            <\/div>\n                    <\/div>\n\n        <div class=\"ApiListing-wrapper container_full  \">\n            \n                            <ul class=\"ApiListing-list __altimax_listing_content\">\n                                            <!-- Generer le: 2026-05-01 16:30:41 -->\n<!-- Blog: La Clar\u00e9e - 3 -->\n<li class=\"ApiTile ApiTileDefault __altimax_listing_item  \"\n    data-roadbook-item=\"344797\"\n    data-apidae=\"344797\"\n    data-event-category=\"Apidae affichage\"\n    data-event-action=\"vue teaser\"\n    data-event-label=\"344797 : N\u00e9vasport Ville-Haute\">\n    <a href=\"https:\/\/www.hautesvallees.com\/la-claree\/commerce-et-service\/nevasport-ville-haute-nevache\" class=\"ApiTile-link ApiTileDefault-link\" title=\"N\u00e9vasport Ville-Haute\">\n            <span class=\"ApiTile-location ApiTileDefault-location\">\n        N\u00e9vache\n    <\/span>\n\n            <button class=\"__gtm_track_click __altimax_favory ApiTile-fav ApiTileDefault-fav Favourite\"\n            data-apidae=\"344797\"\n            title=\"Ajoutez aux favoris\"\n            data-txtajouter=\"Ajoutez aux favoris\"\n            data-txtretirer=\"Retirez des favoris\"\n            data-event-category=\"Apidae fiche objet\"\n            data-event-action=\"ajout trip planner\"\n            data-event-label=\"344797 : N\u00e9vasport Ville-Haute\">\n        <img decoding=\"async\" class=\"Favourite-border svg\"\n             src=\"\/content\/themes\/theme_altimax\/dist\/img\/apidae\/system\/SYSTEM-FavOff-30px.svg\"\/>\n        <img decoding=\"async\" class=\"Favourite-full svg\"\n             src=\"\/content\/themes\/theme_altimax\/dist\/img\/apidae\/system\/SYSTEM-FavOn-30px.svg\"\/>\n    <\/button>\n\n            <picture class=\"ApiTile-picture ApiTileDefault-picture\">\n        <img decoding=\"async\" class=\"ApiTile-img ApiTileAgenda-img\" src=\"\/cache\/images\/30874055_apidae-tile.jpeg\" alt=\"N\u00e9vasport Ville-Haute\">\n    <\/picture>\n\n        <div class=\"ApiTile-content ApiTileDefault-content\">\n            \n            <div class=\"ApiTile-top ApiTileDefault-top\">\n                <span class=\"ApiTile-type ApiTileDefault-type\">\n                        commerce et service\n            <\/span>                                    <span class=\"ApiTile-open ApiTileDefault-open close\">Ferm\u00e9<\/span>\n            <\/div>\n\n            <h2 class=\"ApiTile-title ApiTileDefault-title\">N\u00e9vasport Ville-Haute<\/h2>\n                        \n                                <\/div>\n    <\/a>\n<\/li>\n\n                                            <!-- Generer le: 2026-05-01 16:30:41 -->\n<!-- Blog: La Clar\u00e9e - 3 -->\n<li class=\"ApiTile ApiTileDefault __altimax_listing_item  \"\n    data-roadbook-item=\"6348709\"\n    data-apidae=\"6348709\"\n    data-event-category=\"Apidae affichage\"\n    data-event-action=\"vue teaser\"\n    data-event-label=\"6348709 : L&#039;Escale Ludo Sportive - Location de mat\u00e9riel\">\n    <a href=\"https:\/\/www.hautesvallees.com\/la-claree\/commerce-et-service\/lescale-ludo-sportive-location-de-materiel-montgenevre\" class=\"ApiTile-link ApiTileDefault-link\" title=\"L&#039;Escale Ludo Sportive - Location de mat\u00e9riel\">\n            <span class=\"ApiTile-location ApiTileDefault-location\">\n        Montgen\u00e8vre\n    <\/span>\n\n            <button class=\"__gtm_track_click __altimax_favory ApiTile-fav ApiTileDefault-fav Favourite\"\n            data-apidae=\"6348709\"\n            title=\"Ajoutez aux favoris\"\n            data-txtajouter=\"Ajoutez aux favoris\"\n            data-txtretirer=\"Retirez des favoris\"\n            data-event-category=\"Apidae fiche objet\"\n            data-event-action=\"ajout trip planner\"\n            data-event-label=\"6348709 : L&#039;Escale Ludo Sportive - Location de mat\u00e9riel\">\n        <img decoding=\"async\" class=\"Favourite-border svg\"\n             src=\"\/content\/themes\/theme_altimax\/dist\/img\/apidae\/system\/SYSTEM-FavOff-30px.svg\"\/>\n        <img decoding=\"async\" class=\"Favourite-full svg\"\n             src=\"\/content\/themes\/theme_altimax\/dist\/img\/apidae\/system\/SYSTEM-FavOn-30px.svg\"\/>\n    <\/button>\n\n            <picture class=\"ApiTile-picture ApiTileDefault-picture\">\n        <img decoding=\"async\" class=\"ApiTile-img ApiTileAgenda-img\" src=\"\/cache\/images\/24953889_apidae-tile.jpg\" alt=\"L&#039;Escale Ludo Sportive - Location de mat\u00e9riel\">\n    <\/picture>\n\n        <div class=\"ApiTile-content ApiTileDefault-content\">\n            \n            <div class=\"ApiTile-top ApiTileDefault-top\">\n                <span class=\"ApiTile-type ApiTileDefault-type\">\n                        commerce et service\n            <\/span>                                    <span class=\"ApiTile-open ApiTileDefault-open close\">Ferm\u00e9<\/span>\n            <\/div>\n\n            <h2 class=\"ApiTile-title ApiTileDefault-title\">L&#039;Escale Ludo Sportive &#8211; Location de&#8230;<\/h2>\n                        \n                                <\/div>\n    <\/a>\n<\/li>\n\n                                            <!-- Generer le: 2026-05-01 17:10:40 -->\n<!-- Blog: La Clar\u00e9e - 3 -->\n<li class=\"ApiTile ApiTileDefault __altimax_listing_item  \"\n    data-roadbook-item=\"5647056\"\n    data-apidae=\"5647056\"\n    data-event-category=\"Apidae affichage\"\n    data-event-action=\"vue teaser\"\n    data-event-label=\"5647056 : Clar\u00e9e 2 roues\">\n    <a href=\"https:\/\/www.hautesvallees.com\/la-claree\/commerce-et-service\/claree-2-roues-val-des-pres\" class=\"ApiTile-link ApiTileDefault-link\" title=\"Clar\u00e9e 2 roues\">\n            <span class=\"ApiTile-location ApiTileDefault-location\">\n        Val-des-Pr\u00e9s\n    <\/span>\n\n            <button class=\"__gtm_track_click __altimax_favory ApiTile-fav ApiTileDefault-fav Favourite\"\n            data-apidae=\"5647056\"\n            title=\"Ajoutez aux favoris\"\n            data-txtajouter=\"Ajoutez aux favoris\"\n            data-txtretirer=\"Retirez des favoris\"\n            data-event-category=\"Apidae fiche objet\"\n            data-event-action=\"ajout trip planner\"\n            data-event-label=\"5647056 : Clar\u00e9e 2 roues\">\n        <img decoding=\"async\" class=\"Favourite-border svg\"\n             src=\"\/content\/themes\/theme_altimax\/dist\/img\/apidae\/system\/SYSTEM-FavOff-30px.svg\"\/>\n        <img decoding=\"async\" class=\"Favourite-full svg\"\n             src=\"\/content\/themes\/theme_altimax\/dist\/img\/apidae\/system\/SYSTEM-FavOn-30px.svg\"\/>\n    <\/button>\n\n            <picture class=\"ApiTile-picture ApiTileDefault-picture\">\n        <img decoding=\"async\" class=\"ApiTile-img ApiTileAgenda-img\" src=\"\/cache\/images\/38460873_apidae-tile.png\" alt=\"Clar\u00e9e 2 roues\">\n    <\/picture>\n\n        <div class=\"ApiTile-content ApiTileDefault-content\">\n                <span class=\"ApiTile-partner\">\n        Non partenaire OTHV\n    <\/span>\n\n            <div class=\"ApiTile-top ApiTileDefault-top\">\n                <span class=\"ApiTile-type ApiTileDefault-type\">\n                        commerce et service\n            <\/span>                                    <span class=\"ApiTile-open ApiTileDefault-open open\">Ouvert<\/span>\n            <\/div>\n\n            <h2 class=\"ApiTile-title ApiTileDefault-title\">Clar\u00e9e 2 roues<\/h2>\n                        \n                                <\/div>\n    <\/a>\n<\/li>\n\n                                            <!-- Generer le: 2026-05-01 17:10:40 -->\n<!-- Blog: La Clar\u00e9e - 3 -->\n<li class=\"ApiTile ApiTileDefault __altimax_listing_item  \"\n    data-roadbook-item=\"5427573\"\n    data-apidae=\"5427573\"\n    data-event-category=\"Apidae affichage\"\n    data-event-action=\"vue teaser\"\n    data-event-label=\"5427573 : N\u00e9vasport Roubion\">\n    <a href=\"https:\/\/www.hautesvallees.com\/la-claree\/commerce-et-service\/nevasport-roubion-nevache\" class=\"ApiTile-link ApiTileDefault-link\" title=\"N\u00e9vasport Roubion\">\n            <span class=\"ApiTile-location ApiTileDefault-location\">\n        N\u00e9vache\n    <\/span>\n\n            <button class=\"__gtm_track_click __altimax_favory ApiTile-fav ApiTileDefault-fav Favourite\"\n            data-apidae=\"5427573\"\n            title=\"Ajoutez aux favoris\"\n            data-txtajouter=\"Ajoutez aux favoris\"\n            data-txtretirer=\"Retirez des favoris\"\n            data-event-category=\"Apidae fiche objet\"\n            data-event-action=\"ajout trip planner\"\n            data-event-label=\"5427573 : N\u00e9vasport Roubion\">\n        <img decoding=\"async\" class=\"Favourite-border svg\"\n             src=\"\/content\/themes\/theme_altimax\/dist\/img\/apidae\/system\/SYSTEM-FavOff-30px.svg\"\/>\n        <img decoding=\"async\" class=\"Favourite-full svg\"\n             src=\"\/content\/themes\/theme_altimax\/dist\/img\/apidae\/system\/SYSTEM-FavOn-30px.svg\"\/>\n    <\/button>\n\n            <picture class=\"ApiTile-picture ApiTileDefault-picture\">\n        <img decoding=\"async\" class=\"ApiTile-img ApiTileAgenda-img\" src=\"\/cache\/images\/26806686_apidae-tile.jpg\" alt=\"N\u00e9vasport Roubion\">\n    <\/picture>\n\n        <div class=\"ApiTile-content ApiTileDefault-content\">\n                <span class=\"ApiTile-partner\">\n        Non partenaire OTHV\n    <\/span>\n\n            <div class=\"ApiTile-top ApiTileDefault-top\">\n                <span class=\"ApiTile-type ApiTileDefault-type\">\n                        commerce et service\n            <\/span>                                    <span class=\"ApiTile-open ApiTileDefault-open close\">Ferm\u00e9<\/span>\n            <\/div>\n\n            <h2 class=\"ApiTile-title ApiTileDefault-title\">N\u00e9vasport Roubion<\/h2>\n                        \n                                <\/div>\n    <\/a>\n<\/li>\n\n                                    <\/ul>\n            \n                        \n        <\/div>\n                    <ul class=\"Paginator __altimax_listing_paginator\">\n                    <li class=\"Paginator-page __altimax_listing_load active\"\n        data-index=\"1\" >\n        <span>1<\/span>\n    <\/li>\n\n            <\/ul>\n            <\/div>\n<\/div>","protected":false},"excerpt":{"rendered":"","protected":false},"author":2,"featured_media":1012,"parent":812,"menu_order":0,"comment_status":"closed","ping_status":"closed","template":"","meta":{"_acf_changed":false,"footnotes":""},"class_list":["post-813","page","type-page","status-publish","has-post-thumbnail","hentry"],"acf":[],"_links":{"self":[{"href":"https:\/\/www.hautesvallees.com\/la-claree\/wp-json\/wp\/v2\/pages\/813","targetHints":{"allow":["GET"]}}],"collection":[{"href":"https:\/\/www.hautesvallees.com\/la-claree\/wp-json\/wp\/v2\/pages"}],"about":[{"href":"https:\/\/www.hautesvallees.com\/la-claree\/wp-json\/wp\/v2\/types\/page"}],"author":[{"embeddable":true,"href":"https:\/\/www.hautesvallees.com\/la-claree\/wp-json\/wp\/v2\/users\/2"}],"replies":[{"embeddable":true,"href":"https:\/\/www.hautesvallees.com\/la-claree\/wp-json\/wp\/v2\/comments?post=813"}],"version-history":[{"count":4,"href":"https:\/\/www.hautesvallees.com\/la-claree\/wp-json\/wp\/v2\/pages\/813\/revisions"}],"predecessor-version":[{"id":15327,"href":"https:\/\/www.hautesvallees.com\/la-claree\/wp-json\/wp\/v2\/pages\/813\/revisions\/15327"}],"up":[{"embeddable":true,"href":"https:\/\/www.hautesvallees.com\/la-claree\/wp-json\/wp\/v2\/pages\/812"}],"wp:featuredmedia":[{"embeddable":true,"href":"https:\/\/www.hautesvallees.com\/la-claree\/wp-json\/wp\/v2\/media\/1012"}],"wp:attachment":[{"href":"https:\/\/www.hautesvallees.com\/la-claree\/wp-json\/wp\/v2\/media?parent=813"}],"curies":[{"name":"wp","href":"https:\/\/api.w.org\/{rel}","templated":true}]}}

Location de matériel en Clarée

<div class="GutText  GutContainer">
        <div class="GutText-inner">
                                        <div class="GutText-intro Center">Besoin de louer votre matériel de ski ou de vtt ? </div>
                                        <div class="GutText-wysiwyg Content">
                    <p style="text-align: center;">Les magasins de sport de la vallée de la Clarée sont à votre disposition pour la location de matériel : ski de fond, ski de randonnée, ski alpin, raquettes à neige, matériel de sécurité (DVA, pelle et sonde) ou encore VTT&#8230;</p>

                </div>
                    </div>
    </div>



<div class="ApiListing __altimax_listing " data-js="{&quot;action_load&quot;:&quot;apidae_listing_load&quot;,&quot;action_map_tiles&quot;:&quot;apidae_listing_load_map_tiles&quot;,&quot;action_filters&quot;:&quot;apidae_listing_filters&quot;,&quot;action_pdf&quot;:&quot;apidae_listing_pdf&quot;,&quot;post_id&quot;:813,&quot;blog_id&quot;:3,&quot;uid&quot;:1,&quot;cache_key&quot;:&quot;9ca3702241daa06c5ef0089376c0d1c4&quot;,&quot;is_agenda&quot;:false,&quot;listing_mode&quot;:&quot;listing&quot;,&quot;use_filters&quot;:false,&quot;use_share&quot;:false,&quot;paginator&quot;:{&quot;currentPage&quot;:1,&quot;maxPerPage&quot;:9,&quot;count&quot;:4,&quot;totalPages&quot;:1,&quot;nextPage&quot;:1,&quot;html&quot;:&quot;    &lt;li class=\&quot;Paginator-page __altimax_listing_load active\&quot;\n        data-index=\&quot;1\&quot; &gt;\n        &lt;span&gt;1&lt;\/span&gt;\n    &lt;\/li&gt;\n&quot;},&quot;ajax_url&quot;:&quot;https:\/\/www.hautesvallees.com\/\/la-claree\/wp-admin\/admin-ajax.php&quot;,&quot;lang&quot;:&quot;fr&quot;}">
    <div class="ApiListingLoader __altimax_loader">
        <div class="ApiListingLoader-container">
            <div class="ApiListingLoader-ring"></div>
        </div>
    </div>
        
        
        
                                <div class="ApiListing-container">
        <div class="ApiListing-control container_full ">
                                                    <button class="ApiListing-pdf desktop Button-border __altimax_listing_pdf">Télécharger</button>
                                                                <div class="ApiListing-result">
                <div class="ApiListing-result--number __altimax_listing_count">4</div>
                Résultats
            </div>
                    </div>

        <div class="ApiListing-wrapper container_full  ">
            
                            <ul class="ApiListing-list __altimax_listing_content">
                                            <!-- Generer le: 2026-05-01 16:30:41 -->
<!-- Blog: La Clarée - 3 -->
<li class="ApiTile ApiTileDefault __altimax_listing_item  "
    data-roadbook-item="344797"
    data-apidae="344797"
    data-event-category="Apidae affichage"
    data-event-action="vue teaser"
    data-event-label="344797 : Névasport Ville-Haute">
    <a href="https://www.hautesvallees.com/la-claree/commerce-et-service/nevasport-ville-haute-nevache" class="ApiTile-link ApiTileDefault-link" title="Névasport Ville-Haute">
            <span class="ApiTile-location ApiTileDefault-location">
        Névache
    </span>

            <button class="__gtm_track_click __altimax_favory ApiTile-fav ApiTileDefault-fav Favourite"
            data-apidae="344797"
            title="Ajoutez aux favoris"
            data-txtajouter="Ajoutez aux favoris"
            data-txtretirer="Retirez des favoris"
            data-event-category="Apidae fiche objet"
            data-event-action="ajout trip planner"
            data-event-label="344797 : Névasport Ville-Haute">
        <img decoding="async" class="Favourite-border svg"
             src="/content/themes/theme_altimax/dist/img/apidae/system/SYSTEM-FavOff-30px.svg"/>
        <img decoding="async" class="Favourite-full svg"
             src="/content/themes/theme_altimax/dist/img/apidae/system/SYSTEM-FavOn-30px.svg"/>
    </button>

            <picture class="ApiTile-picture ApiTileDefault-picture">
        <img decoding="async" class="ApiTile-img ApiTileAgenda-img" src="/cache/images/30874055_apidae-tile.jpeg" alt="Névasport Ville-Haute">
    </picture>

        <div class="ApiTile-content ApiTileDefault-content">
            
            <div class="ApiTile-top ApiTileDefault-top">
                <span class="ApiTile-type ApiTileDefault-type">
                        commerce et service
            </span>                                    <span class="ApiTile-open ApiTileDefault-open close">Fermé</span>
            </div>

            <h2 class="ApiTile-title ApiTileDefault-title">Névasport Ville-Haute</h2>
                        
                                </div>
    </a>
</li>

                                            <!-- Generer le: 2026-05-01 16:30:41 -->
<!-- Blog: La Clarée - 3 -->
<li class="ApiTile ApiTileDefault __altimax_listing_item  "
    data-roadbook-item="6348709"
    data-apidae="6348709"
    data-event-category="Apidae affichage"
    data-event-action="vue teaser"
    data-event-label="6348709 : L&#039;Escale Ludo Sportive - Location de matériel">
    <a href="https://www.hautesvallees.com/la-claree/commerce-et-service/lescale-ludo-sportive-location-de-materiel-montgenevre" class="ApiTile-link ApiTileDefault-link" title="L&#039;Escale Ludo Sportive - Location de matériel">
            <span class="ApiTile-location ApiTileDefault-location">
        Montgenèvre
    </span>

            <button class="__gtm_track_click __altimax_favory ApiTile-fav ApiTileDefault-fav Favourite"
            data-apidae="6348709"
            title="Ajoutez aux favoris"
            data-txtajouter="Ajoutez aux favoris"
            data-txtretirer="Retirez des favoris"
            data-event-category="Apidae fiche objet"
            data-event-action="ajout trip planner"
            data-event-label="6348709 : L&#039;Escale Ludo Sportive - Location de matériel">
        <img decoding="async" class="Favourite-border svg"
             src="/content/themes/theme_altimax/dist/img/apidae/system/SYSTEM-FavOff-30px.svg"/>
        <img decoding="async" class="Favourite-full svg"
             src="/content/themes/theme_altimax/dist/img/apidae/system/SYSTEM-FavOn-30px.svg"/>
    </button>

            <picture class="ApiTile-picture ApiTileDefault-picture">
        <img decoding="async" class="ApiTile-img ApiTileAgenda-img" src="/cache/images/24953889_apidae-tile.jpg" alt="L&#039;Escale Ludo Sportive - Location de matériel">
    </picture>

        <div class="ApiTile-content ApiTileDefault-content">
            
            <div class="ApiTile-top ApiTileDefault-top">
                <span class="ApiTile-type ApiTileDefault-type">
                        commerce et service
            </span>                                    <span class="ApiTile-open ApiTileDefault-open close">Fermé</span>
            </div>

            <h2 class="ApiTile-title ApiTileDefault-title">L&#039;Escale Ludo Sportive &#8211; Location de&#8230;</h2>
                        
                                </div>
    </a>
</li>

                                            <!-- Generer le: 2026-05-01 17:10:40 -->
<!-- Blog: La Clarée - 3 -->
<li class="ApiTile ApiTileDefault __altimax_listing_item  "
    data-roadbook-item="5647056"
    data-apidae="5647056"
    data-event-category="Apidae affichage"
    data-event-action="vue teaser"
    data-event-label="5647056 : Clarée 2 roues">
    <a href="https://www.hautesvallees.com/la-claree/commerce-et-service/claree-2-roues-val-des-pres" class="ApiTile-link ApiTileDefault-link" title="Clarée 2 roues">
            <span class="ApiTile-location ApiTileDefault-location">
        Val-des-Prés
    </span>

            <button class="__gtm_track_click __altimax_favory ApiTile-fav ApiTileDefault-fav Favourite"
            data-apidae="5647056"
            title="Ajoutez aux favoris"
            data-txtajouter="Ajoutez aux favoris"
            data-txtretirer="Retirez des favoris"
            data-event-category="Apidae fiche objet"
            data-event-action="ajout trip planner"
            data-event-label="5647056 : Clarée 2 roues">
        <img decoding="async" class="Favourite-border svg"
             src="/content/themes/theme_altimax/dist/img/apidae/system/SYSTEM-FavOff-30px.svg"/>
        <img decoding="async" class="Favourite-full svg"
             src="/content/themes/theme_altimax/dist/img/apidae/system/SYSTEM-FavOn-30px.svg"/>
    </button>

            <picture class="ApiTile-picture ApiTileDefault-picture">
        <img decoding="async" class="ApiTile-img ApiTileAgenda-img" src="/cache/images/38460873_apidae-tile.png" alt="Clarée 2 roues">
    </picture>

        <div class="ApiTile-content ApiTileDefault-content">
                <span class="ApiTile-partner">
        Non partenaire OTHV
    </span>

            <div class="ApiTile-top ApiTileDefault-top">
                <span class="ApiTile-type ApiTileDefault-type">
                        commerce et service
            </span>                                    <span class="ApiTile-open ApiTileDefault-open open">Ouvert</span>
            </div>

            <h2 class="ApiTile-title ApiTileDefault-title">Clarée 2 roues</h2>
                        
                                </div>
    </a>
</li>

                                            <!-- Generer le: 2026-05-01 17:10:40 -->
<!-- Blog: La Clarée - 3 -->
<li class="ApiTile ApiTileDefault __altimax_listing_item  "
    data-roadbook-item="5427573"
    data-apidae="5427573"
    data-event-category="Apidae affichage"
    data-event-action="vue teaser"
    data-event-label="5427573 : Névasport Roubion">
    <a href="https://www.hautesvallees.com/la-claree/commerce-et-service/nevasport-roubion-nevache" class="ApiTile-link ApiTileDefault-link" title="Névasport Roubion">
            <span class="ApiTile-location ApiTileDefault-location">
        Névache
    </span>

            <button class="__gtm_track_click __altimax_favory ApiTile-fav ApiTileDefault-fav Favourite"
            data-apidae="5427573"
            title="Ajoutez aux favoris"
            data-txtajouter="Ajoutez aux favoris"
            data-txtretirer="Retirez des favoris"
            data-event-category="Apidae fiche objet"
            data-event-action="ajout trip planner"
            data-event-label="5427573 : Névasport Roubion">
        <img decoding="async" class="Favourite-border svg"
             src="/content/themes/theme_altimax/dist/img/apidae/system/SYSTEM-FavOff-30px.svg"/>
        <img decoding="async" class="Favourite-full svg"
             src="/content/themes/theme_altimax/dist/img/apidae/system/SYSTEM-FavOn-30px.svg"/>
    </button>

            <picture class="ApiTile-picture ApiTileDefault-picture">
        <img decoding="async" class="ApiTile-img ApiTileAgenda-img" src="/cache/images/26806686_apidae-tile.jpg" alt="Névasport Roubion">
    </picture>

        <div class="ApiTile-content ApiTileDefault-content">
                <span class="ApiTile-partner">
        Non partenaire OTHV
    </span>

            <div class="ApiTile-top ApiTileDefault-top">
                <span class="ApiTile-type ApiTileDefault-type">
                        commerce et service
            </span>                                    <span class="ApiTile-open ApiTileDefault-open close">Fermé</span>
            </div>

            <h2 class="ApiTile-title ApiTileDefault-title">Névasport Roubion</h2>
                        
                                </div>
    </a>
</li>

                                    </ul>
            
                        
        </div>
                    <ul class="Paginator __altimax_listing_paginator">
                    <li class="Paginator-page __altimax_listing_load active"
        data-index="1" >
        <span>1</span>
    </li>

            </ul>
            </div>
</div>
