{"id":809,"date":"2024-03-21T12:05:22","date_gmt":"2024-03-21T11:05:22","guid":{"rendered":"https:\/\/www.hautesvallees.com\/la-claree\/?page_id=809"},"modified":"2025-02-24T15:22:00","modified_gmt":"2025-02-24T14:22:00","slug":"meteo","status":"publish","type":"page","link":"https:\/\/www.hautesvallees.com\/la-claree\/meteo\/","title":{"rendered":"M\u00e9t\u00e9o"},"content":{"rendered":"<div class=\"GutText  GutContainer\">\n        <div class=\"GutText-inner\">\n            <div class=\"GutTitle Center\">\n                    <h2 class=\"GutTitle-title\">\n                                    <span class=\"GutTitle-surtitle\">M\u00e9t\u00e9o montagne<\/span>\n                                                        Vall\u00e9e de la Clar\u00e9e\n                            <\/h2>\n                    <\/div>\n                            <div class=\"GutText-intro Center\">Consultez la m\u00e9t\u00e9o de la Vall\u00e9e de la Clar\u00e9e avant votre d\u00e9part en randonn\u00e9e \u00e0 N\u00e9vache ou \u00e0 Val-des-Pr\u00e9s. Retrouvez ci-dessous les pr\u00e9visions m\u00e9t\u00e9o montagne vall\u00e9e de la Clar\u00e9e dans les Hautes-Alpes, Alpes du sud. M\u00e9t\u00e9o montagne en clar\u00e9e, aujourd&rsquo;hui et \u00e0 3 jours<\/div>\n                                        <div class=\"GutText-wysiwyg Content\">\n                    <p style=\"text-align: center;\">En montagne, les conditions peuvent changer tr\u00e8s rapidement. Pensez toujours \u00e0 prendre des bonnes chaussures, des v\u00eatements chauds, un imperm\u00e9able, de l\u2019eau et \u00e0 manger. Rappelez-vous que m\u00eame un itn\u00e9raire qui est facile par beau temps peut devenir tr\u00e8s complexe par mauvais temps.<br \/>\nN\u2019h\u00e9sitez pas \u00e0 faire appel aux <strong><a href=\"https:\/\/www.claree-tourisme.fr\/la-claree\/balades-et-randonnees\/partez-accompagnes\" target=\"_blank\" rel=\"noopener\">accompagnateurs en montagne<\/a><\/strong> pour partir en toute s\u00e9r\u00e9nit\u00e9. Ils vous raconteront la montagne en marchant.<\/p>\n\n                <\/div>\n                    <\/div>\n    <\/div>\n\n\n<div class=\"Weather\">\n            <div class=\"Weather-container\">\n                                <div class=\"Weather-flows __slide_here\" style=\"grid-template-columns: repeat(1, 1fr); width: 100%;\">\n                                                                    <div id=\"__meteo_yr_69e4c07302b6a\" class=\"Weather-flows--item\">\n                            <div class=\"ApiListingLoader active\">\n                                <div class=\"ApiListingLoader-container\">\n                                    <div class=\"ApiListingLoader-ring\"><\/div>\n                                <\/div>\n                            <\/div>\n                        <\/div>\n                        <script>\n                            jQuery(document).ready(function ($) {\n                                jQuery.ajax({\n                                    type: 'GET',\n                                    url: 'https:\/\/www.hautesvallees.com\/\/la-claree\/wp-admin\/admin-ajax.php?action=load_meteo_yr&lang=fr&wp_lang=fr&ref=la-claree',\n                                    dataType: 'html',\n                                    success: function (html) {\n                                        $(\"#__meteo_yr_69e4c07302b6a\").empty().append(html);\n                                        colorSvg();\n                                    }\n                                });\n                            });\n                        <\/script>\n                                    <\/div>\n            <\/div>\n        <\/div>\n    \n\n<div class=\"GutInformations BgColor GutContainer\">\n        <div class=\"GutInformations-container\">\n\n            \n            <div class=\"GutInformations-list\">\n                                    <div class=\"GutInformations-wrap\">\n                                                                                    <picture class=\"GutInformations-picture\">\n                                    <img decoding=\"async\" src=\"https:\/\/www.hautesvallees.com\/content\/uploads\/sites\/3\/2025\/01\/Hiver-Famille-_-alpesphotogrphies.com-19-250x250.jpg\" alt=\"Hiver en Clar\u00e9e\" \/>\n                                <\/picture>\n                                                                                                        <p class=\"GutInformations-title\">\n                                Webcams de la vall\u00e9e de la Clar\u00e9e\n                            <\/p>\n                                                                            <p class=\"GutInformations-text\">\n                                Retrouvez la m\u00e9t\u00e9o en temps r\u00e9el en consultant les webcams de la vall\u00e9e de la Clar\u00e9e\n                            <\/p>\n                                                                            <a class=\"GutInformations-link\" href=\"https:\/\/www.hautesvallees.com\/lizoard\/webcams\/\" target=\"\" title=\"Webcams\">\n                                Webcams\n                            <\/a>\n                                            <\/div>\n                                    <div class=\"GutInformations-wrap\">\n                                                                                    <picture class=\"GutInformations-picture\">\n                                    <img decoding=\"async\" src=\"https:\/\/www.hautesvallees.com\/content\/uploads\/sites\/3\/2025\/01\/Hiver-Famille-_-alpesphotogrphies.com-17-250x250.jpg\" alt=\"M\u00e9t\u00e9o montagne izoard\" \/>\n                                <\/picture>\n                                                                                                        <p class=\"GutInformations-title\">\n                                BRA &#8211; Massif du Thabor\n                            <\/p>\n                                                                            <p class=\"GutInformations-text\">\n                                Consultez le bulletin des risques d&rsquo;avalanche du massif du Thabor\n                            <\/p>\n                                                                            <a class=\"GutInformations-link\" href=\"http:\/\/meteofrance.com\/meteo-montagne\" target=\"\" title=\"\" rel=\"noopener\">\n                                \n                            <\/a>\n                                            <\/div>\n                                    <div class=\"GutInformations-wrap\">\n                                                                                    <picture class=\"GutInformations-picture\">\n                                    <img decoding=\"async\" src=\"https:\/\/www.hautesvallees.com\/content\/uploads\/sites\/3\/2025\/01\/DES_0125-scaled-1-250x250.jpg\" alt=\"M\u00e9l\u00e8zes soleil automne Papa Aur\u00e9lien\" \/>\n                                <\/picture>\n                                                                                                        <p class=\"GutInformations-title\">\n                                Station m\u00e9t\u00e9o de N\u00e9vache\n                            <\/p>\n                                                                            <p class=\"GutInformations-text\">\n                                Consultez la m\u00e9t\u00e9o de N\u00e9vache en direct ci-dessous : Temp\u00e9rature, % d&rsquo;humidit\u00e9 et vent en temps r\u00e9el gr\u00e2ce \u00e0 la station m\u00e9t\u00e9o de N\u00e9vache, situ\u00e9 \u00e0 Ville-Haute.\n                            <\/p>\n                                                                            <a class=\"GutInformations-link\" href=\"https:\/\/www.infoclimat.fr\/observations-meteo\/temps-reel\/nevache\/000TG.html\" target=\"\" title=\"\" rel=\"noopener\">\n                                \n                            <\/a>\n                                            <\/div>\n                            <\/div>\n        <\/div>\n    <\/div>\n\n\n<div class=\"Activities\">\n            <div class=\"Activities-container\">\n                <div class=\"Activities-content\">\n                                                                    <h2 class=\"Activities-content--title\">Organisez votre s\u00e9jour dans la vall\u00e9e de la Clar\u00e9e<\/h2>\n                                                            <div class=\"Activities-content--taglist\">\n                                                    <span class=\"Activities-content--tag __activitiesTag69e4c0734a4b3\">Campings de la Clar\u00e9e<\/span>\n                                                    <span class=\"Activities-content--tag __activitiesTag69e4c0734a4b3\">Chambres d\u2019h\u00f4tes et chambres chez l\u2019habitant en Clar\u00e9e<\/span>\n                                                    <span class=\"Activities-content--tag __activitiesTag69e4c0734a4b3\">H\u00f4tels en Clar\u00e9e<\/span>\n                                                    <span class=\"Activities-content--tag __activitiesTag69e4c0734a4b3\">G\u00eetes d\u2019\u00e9tapes et auberges en Clar\u00e9e<\/span>\n                                                    <span class=\"Activities-content--tag __activitiesTag69e4c0734a4b3\">Locations de vacances en Clar\u00e9e<\/span>\n                                                    <span class=\"Activities-content--tag __activitiesTag69e4c0734a4b3\">Refuges en Clar\u00e9e<\/span>\n                                            <\/div>\n                                    <\/div>\n                <div class=\"Activities-swiper swiper __SwiperActivities\" data-sliderid=\"69e4c0734a4b3\">\n                    <ul class=\"Activities-list swiper-wrapper\">\n                                                                                    <li class=\"NewsTile swiper-slide\">\n                                    <a class=\"NewsTile-link\" href=\"https:\/\/www.hautesvallees.com\/la-claree\/se-loger\/campings\/\" title=\"Campings de la Clar\u00e9e\">\n                                        <picture class=\"NewsTile-picture\">\n                                            <img decoding=\"async\" class=\"NewsTile-img\" src=\"https:\/\/www.hautesvallees.com\/content\/uploads\/sites\/3\/2025\/01\/Huttopia-hiver-\u00a9-Huttopia-3-410x550.webp\"\n                                                 alt=\"Huttopia-hiver-\u00a9-Huttopia-3\" loading=\"lazy\"\/>\n                                        <\/picture>\n                                                                                <h2 class=\"NewsTile-title\">Campings de la Clar\u00e9e<\/h2>\n                                                                                                                            <span class=\"NewsTile-link--read Link-primary\">\n                                                Voir les activit\u00e9s\n                                            <\/span>\n                                                                            <\/a>\n                                <\/li>\n                                                                                                                <li class=\"NewsTile swiper-slide\">\n                                    <a class=\"NewsTile-link\" href=\"https:\/\/www.hautesvallees.com\/la-claree\/se-loger\/chambres-dhotes\/\" title=\"Chambres d\u2019h\u00f4tes et chambres chez l\u2019habitant en Clar\u00e9e\">\n                                        <picture class=\"NewsTile-picture\">\n                                            <img decoding=\"async\" class=\"NewsTile-img\" src=\"https:\/\/www.hautesvallees.com\/content\/uploads\/sites\/3\/2025\/01\/Mathis-Morattel-scaled-1-410x550.jpg\"\n                                                 alt=\"Nevache l&#039;hiver - Mathis MORATTEL\" loading=\"lazy\"\/>\n                                        <\/picture>\n                                                                                <h2 class=\"NewsTile-title\">Chambres d\u2019h\u00f4tes et chambres chez l\u2019habitant en Clar\u00e9e<\/h2>\n                                                                                                                            <span class=\"NewsTile-link--read Link-primary\">\n                                                Voir les activit\u00e9s\n                                            <\/span>\n                                                                            <\/a>\n                                <\/li>\n                                                                                                                <li class=\"NewsTile swiper-slide\">\n                                    <a class=\"NewsTile-link\" href=\"https:\/\/www.hautesvallees.com\/la-claree\/se-loger\/hotels\/\" title=\"H\u00f4tels en Clar\u00e9e\">\n                                        <picture class=\"NewsTile-picture\">\n                                            <img decoding=\"async\" class=\"NewsTile-img\" src=\"https:\/\/www.hautesvallees.com\/content\/uploads\/sites\/3\/2025\/01\/Chalet-den-ho-scaled-1-410x550.jpg\"\n                                                 alt=\"Chalet d&#039;en h\u00f4\" loading=\"lazy\"\/>\n                                        <\/picture>\n                                                                                <h2 class=\"NewsTile-title\">H\u00f4tels en Clar\u00e9e<\/h2>\n                                                                                                                            <span class=\"NewsTile-link--read Link-primary\">\n                                                Voir les activit\u00e9s\n                                            <\/span>\n                                                                            <\/a>\n                                <\/li>\n                                                                                                                <li class=\"NewsTile swiper-slide\">\n                                    <a class=\"NewsTile-link\" href=\"https:\/\/www.hautesvallees.com\/la-claree\/se-loger\/gites-detapes-et-auberges\/\" title=\"G\u00eetes d\u2019\u00e9tapes et auberges en Clar\u00e9e\">\n                                        <picture class=\"NewsTile-picture\">\n                                            <img decoding=\"async\" class=\"NewsTile-img\" src=\"https:\/\/www.hautesvallees.com\/content\/uploads\/sites\/3\/2025\/01\/Plampinet-villages-patrimoine-_-alpesphotographies.com-12-optimise-web-410x550.jpg\"\n                                                 alt=\"Plampinet villages patrimoine _ alpesphotographies.com\" loading=\"lazy\"\/>\n                                        <\/picture>\n                                                                                <h2 class=\"NewsTile-title\">G\u00eetes d\u2019\u00e9tapes et auberges en Clar\u00e9e<\/h2>\n                                                                                                                            <span class=\"NewsTile-link--read Link-primary\">\n                                                Voir les activit\u00e9s\n                                            <\/span>\n                                                                            <\/a>\n                                <\/li>\n                                                                                                                <li class=\"NewsTile swiper-slide\">\n                                    <a class=\"NewsTile-link\" href=\"https:\/\/www.hautesvallees.com\/la-claree\/se-loger\/locationdevacances-claree\/\" title=\"Locations de vacances en Clar\u00e9e\">\n                                        <picture class=\"NewsTile-picture\">\n                                            <img decoding=\"async\" class=\"NewsTile-img\" src=\"https:\/\/www.hautesvallees.com\/content\/uploads\/sites\/3\/2025\/01\/231117-079-\u00a9-B.Boone_-410x550.jpg\"\n                                                 alt=\"231117-079-\u00a9-B.Boone_\" loading=\"lazy\"\/>\n                                        <\/picture>\n                                                                                <h2 class=\"NewsTile-title\">Locations de vacances en Clar\u00e9e<\/h2>\n                                                                                                                            <span class=\"NewsTile-link--read Link-primary\">\n                                                Voir les activit\u00e9s\n                                            <\/span>\n                                                                            <\/a>\n                                <\/li>\n                                                                                                                <li class=\"NewsTile swiper-slide\">\n                                    <a class=\"NewsTile-link\" href=\"https:\/\/www.hautesvallees.com\/la-claree\/se-loger\/refuges\/\" title=\"Refuges en Clar\u00e9e\">\n                                        <picture class=\"NewsTile-picture\">\n                                            <img decoding=\"async\" class=\"NewsTile-img\" src=\"https:\/\/www.hautesvallees.com\/content\/uploads\/sites\/3\/2025\/01\/Refuge-Buffere-Neige-\u00a9Thibaut-Blais-scaled-1-410x550.jpg\"\n                                                 alt=\"Refuge Buff\u00e8re Neige \u00a9Thibaut Blais\" loading=\"lazy\"\/>\n                                        <\/picture>\n                                                                                <h2 class=\"NewsTile-title\">Refuges en Clar\u00e9e<\/h2>\n                                                                                                                            <span class=\"NewsTile-link--read Link-primary\">\n                                                Voir les activit\u00e9s\n                                            <\/span>\n                                                                            <\/a>\n                                <\/li>\n                                                                        <\/ul>\n                    <div class=\"Activities-swiper--bottom\">\n                        <div class=\"Activities-prev __SwiperActivitiesPrev69e4c0734a4b3 swiper-button-prev\">\n                            <img decoding=\"async\" class=\"Activities-prev--svg svg\" data-no-lazy=\"1\"\n                                 src=\"https:\/\/www.hautesvallees.com\/content\/themes\/theme_altimax\/dist\/img\/wordpress\/homepage\/prev.svg\"\/>\n                        <\/div>\n                        <div class=\"Activities-next __SwiperActivitiesNext69e4c0734a4b3 swiper-button-next\">\n                            <img decoding=\"async\" class=\"Activities-next--svg svg\" data-no-lazy=\"1\"\n                                 src=\"https:\/\/www.hautesvallees.com\/content\/themes\/theme_altimax\/dist\/img\/wordpress\/homepage\/next.svg\"\/>\n                        <\/div>\n                        <div class=\"Activities-progressbar __SwiperActivitiesPagination69e4c0734a4b3 swiper-pagination\"><\/div>\n                    <\/div>\n                <\/div>\n            <\/div>\n        <\/div>\n    ","protected":false},"excerpt":{"rendered":"","protected":false},"author":1,"featured_media":980,"parent":0,"menu_order":0,"comment_status":"closed","ping_status":"closed","template":"","meta":{"_acf_changed":false,"footnotes":""},"class_list":["post-809","page","type-page","status-publish","has-post-thumbnail","hentry"],"acf":[],"_links":{"self":[{"href":"https:\/\/www.hautesvallees.com\/la-claree\/wp-json\/wp\/v2\/pages\/809","targetHints":{"allow":["GET"]}}],"collection":[{"href":"https:\/\/www.hautesvallees.com\/la-claree\/wp-json\/wp\/v2\/pages"}],"about":[{"href":"https:\/\/www.hautesvallees.com\/la-claree\/wp-json\/wp\/v2\/types\/page"}],"author":[{"embeddable":true,"href":"https:\/\/www.hautesvallees.com\/la-claree\/wp-json\/wp\/v2\/users\/1"}],"replies":[{"embeddable":true,"href":"https:\/\/www.hautesvallees.com\/la-claree\/wp-json\/wp\/v2\/comments?post=809"}],"version-history":[{"count":8,"href":"https:\/\/www.hautesvallees.com\/la-claree\/wp-json\/wp\/v2\/pages\/809\/revisions"}],"predecessor-version":[{"id":3712,"href":"https:\/\/www.hautesvallees.com\/la-claree\/wp-json\/wp\/v2\/pages\/809\/revisions\/3712"}],"wp:featuredmedia":[{"embeddable":true,"href":"https:\/\/www.hautesvallees.com\/la-claree\/wp-json\/wp\/v2\/media\/980"}],"wp:attachment":[{"href":"https:\/\/www.hautesvallees.com\/la-claree\/wp-json\/wp\/v2\/media?parent=809"}],"curies":[{"name":"wp","href":"https:\/\/api.w.org\/{rel}","templated":true}]}}